{"id":533,"date":"2019-12-18T20:10:23","date_gmt":"2019-12-18T20:10:23","guid":{"rendered":"http:\/\/www.movilh.cl\/trans\/?page_id=533"},"modified":"2019-12-18T20:16:34","modified_gmt":"2019-12-18T20:16:34","slug":"biblioteca","status":"publish","type":"page","link":"https:\/\/www.movilh.cl\/trans\/biblioteca\/","title":{"rendered":"Biblioteca"},"content":{"rendered":"\n<p>A continuaci\u00f3n encontrar\u00e1s una lista de documentos que incluye la ley, reglamentos, presentaciones, protocolos y circulares. Si deseas descargar alguno, s\u00f3lo has click sobre el que te interese.<\/p>\n\n\n\n<ul><li><strong><a href=\"http:\/\/www.movilh.cl\/wp-content\/uploads\/2018\/12\/Ley_Identidad_de_Genero_21.120.pdf\">Ley de Identidad de G\u00e9nero<\/a><\/strong><\/li><\/ul>\n\n\n\n<hr class=\"wp-block-separator\"\/>\n\n\n\n<ul><li><a href=\"https:\/\/www.movilh.cl\/wp-content\/uploads\/2019\/12\/reglamento-cambio-de-nombre-identidad-de-genero-movilh.pdf\"><strong>Reglamento que regula el cambio de nombre y sexo legal en el Registro Civil<\/strong><\/a><\/li><\/ul>\n\n\n\n<hr class=\"wp-block-separator\"\/>\n\n\n\n<ul><li><a href=\"https:\/\/www.movilh.cl\/wp-content\/uploads\/2019\/12\/reglamento-ninos-trans-ley-identidad-de-genero-movilh.pdf\"><strong>Reglamento que regula el acompa\u00f1amiento para ni\u00f1os, ni\u00f1as y adolescentes trans<\/strong><\/a><\/li><\/ul>\n\n\n\n<hr class=\"wp-block-separator\"\/>\n\n\n\n<ul><li><a href=\"https:\/\/www.movilh.cl\/wp-content\/uploads\/2019\/11\/corte_suprema-gendameria_identidad_de_genero.pdf\" target=\"_blank\" rel=\"noreferrer noopener\" aria-label=\"Primer fallo por ley de identidad de g\u00e9nero Corte Suprema acoge recurso contra Gendarmer\u00eda por discriminar a una funcionaria trans (se abre en una nueva pesta\u00f1a)\"><strong>Primer fallo por ley de identidad de g\u00e9nero Corte Suprema acoge recurso contra Gendarmer\u00eda por discriminar a una funcionaria trans<\/strong><\/a><\/li><\/ul>\n\n\n\n<hr class=\"wp-block-separator\"\/>\n\n\n\n<ul><li><a href=\"http:\/\/www.movilh.cl\/trans\/documentos\/presentaciongobiernoycongresomovilh.pdf\" target=\"_blank\" rel=\"noreferrer noopener\" aria-label=\"Presentaci\u00f3n del Movilh ante el Congreso y al Gobierno que logr\u00f3 un cambio estructural al proyecto de ley original, el cual exclu\u00eda a menores de 18 a\u00f1os y manten\u00eda judicializado el cambio de nombre y sexo legal.  (se abre en una nueva pesta\u00f1a)\"><strong>Presentaci\u00f3n del Movilh ante el Congreso y al Gobierno que logr\u00f3 un cambio estructural al proyecto de ley original, el cual exclu\u00eda a menores de 18 a\u00f1os y manten\u00eda judicializado el cambio de nombre y sexo legal. <\/strong><\/a><\/li><\/ul>\n\n\n\n<hr class=\"wp-block-separator\"\/>\n\n\n\n<ul><li><strong><a href=\"http:\/\/www.movilh.cl\/trans\/documentos\/propuestafrente.pdf\" target=\"_blank\" rel=\"noreferrer noopener\" aria-label=\"Presentaci\u00f3n de grupos LGBTI ante el Congreso Nacional para que se modificara el deficiente proyecto de ley original (se abre en una nueva pesta\u00f1a)\">Presentaci\u00f3n de grupos LGBTI ante el Congreso Nacional para que se modificara el deficiente proyecto de ley original<\/a><\/strong><\/li><\/ul>\n\n\n\n<hr class=\"wp-block-separator\"\/>\n\n\n\n<ul><li><strong><a href=\"http:\/\/www.movilh.cl\/documentacion\/trans\/Protocolo-nacional-trans.pdf\" target=\"_blank\" rel=\"noreferrer noopener\" aria-label=\"Protocolo del Ministerio de Salud que regula a nivel nacional la transici\u00f3n corporal. (se abre en una nueva pesta\u00f1a)\">Protocolo del Ministerio de Salud que regula a nivel nacional la transici\u00f3n corporal.<\/a><\/strong><\/li><\/ul>\n\n\n\n<hr class=\"wp-block-separator\"\/>\n\n\n\n<ul><li><a href=\"http:\/\/www.movilh.cl\/documentacion\/trans\/Circular-Salud-Trans.pdf\" target=\"_blank\" rel=\"noreferrer noopener\" aria-label=\"Circular (2011) del Minsal que obliga a todos los recintos m\u00e9dicos del pa\u00eds a tratar a las personas trans por su nombre y sexo social. (se abre en una nueva pesta\u00f1a)\"><strong>Circular (2011) del Minsal que obliga a todos los recintos m\u00e9dicos del pa\u00eds a tratar a las personas trans por su nombre y sexo social.<\/strong><\/a><\/li><\/ul>\n\n\n\n<hr class=\"wp-block-separator\"\/>\n\n\n\n<ul><li><a href=\"http:\/\/www.movilh.cl\/documentacion\/CIRCULAR21MINSAL.pdf\" target=\"_blank\" rel=\"noreferrer noopener\" aria-label=\"Circular (2012) del Minsal que reitera llamado a recintos m\u00e9dicos para que traten a personas trans por su nombre y sexo social. (se abre en una nueva pesta\u00f1a)\"><strong>Circular (2012) del Minsal que reitera llamado a recintos m\u00e9dicos para que traten a personas trans por su nombre y sexo social<\/strong>.<\/a><\/li><\/ul>\n\n\n\n<hr class=\"wp-block-separator\"\/>\n\n\n\n<ul><li><strong><a href=\"http:\/\/www.movilh.cl\/documentacion\/trans\/Transexualidad%20en%20Chile.pdf\" target=\"_blank\" rel=\"noreferrer noopener\" aria-label=\"Propuesta de asesor\u00eda y atenci\u00f3n m\u00e9dica para personas trans en Chile que dio origen a circulares y protocolo de atenci\u00f3n en salud. (se abre en una nueva pesta\u00f1a)\">Propuesta de asesor\u00eda y atenci\u00f3n m\u00e9dica para personas trans en Chile que dio origen a circulares y protocolo de atenci\u00f3n en salud.<\/a><\/strong><\/li><\/ul>\n\n\n\n<hr class=\"wp-block-separator\"\/>\n\n\n\n<ul><li><strong><a href=\"http:\/\/www.movilh.cl\/wp-content\/uploads\/2019\/02\/Trans_Identidad_de_Genero_Situacion_de_Calle-1.pdf\" target=\"_blank\" rel=\"noreferrer noopener\" aria-label=\"Protocolo para personas trans en situaci\u00f3n de calle (se abre en una nueva pesta\u00f1a)\">Protocolo para personas trans en situaci\u00f3n de calle<\/a><\/strong><\/li><\/ul>\n\n\n\n<hr class=\"wp-block-separator\"\/>\n\n\n\n<ul><li><strong><a href=\"http:\/\/www.movilh.cl\/wp-content\/uploads\/2017\/04\/derechos-de-estudiantes-trans-en-la-educacion.pdf\" target=\"_blank\" rel=\"noreferrer noopener\" aria-label=\"Circular&nbsp;\u201cDerechos de ni\u00f1as, ni\u00f1os y estudiantes trans en el \u00e1mbito de la Educaci\u00f3n\u00bb (se abre en una nueva pesta\u00f1a)\">Circular&nbsp;\u201cDerechos de ni\u00f1as, ni\u00f1os y estudiantes trans en el \u00e1mbito de la Educaci\u00f3n\u00bb<\/a><\/strong><\/li><\/ul>\n\n\n\n<hr class=\"wp-block-separator\"\/>\n\n\n\n<ul><li><strong><a href=\"https:\/\/www.movilh.cl\/wp-content\/uploads\/2019\/10\/Circular_Trans_336_Isapres_Movilh.pdf\" target=\"_blank\" rel=\"noreferrer noopener\" aria-label=\"Circular de la Superintendencia de Salud que impide a las isapres patologizar la transexualidad (2019) (se abre en una nueva pesta\u00f1a)\">Circular de la Superintendencia de Salud que impide a las isapres patologizar la transexualidad (2019)<\/a><\/strong><\/li><\/ul>\n\n\n\n<hr class=\"wp-block-separator\"\/>\n","protected":false},"excerpt":{"rendered":"<p>A continuaci\u00f3n encontrar\u00e1s una lista de documentos que incluye la ley, reglamentos, presentaciones, protocolos y circulares. Si deseas descargar alguno, s\u00f3lo has click sobre el que te interese. Ley de Identidad de G\u00e9nero Reglamento que regula el cambio de nombre y sexo legal en el Registro Civil Reglamento que regula el acompa\u00f1amiento para ni\u00f1os, ni\u00f1as&hellip;<\/p>\n","protected":false},"author":1,"featured_media":0,"parent":0,"menu_order":0,"comment_status":"closed","ping_status":"closed","template":"","meta":[],"_links":{"self":[{"href":"https:\/\/www.movilh.cl\/trans\/wp-json\/wp\/v2\/pages\/533"}],"collection":[{"href":"https:\/\/www.movilh.cl\/trans\/wp-json\/wp\/v2\/pages"}],"about":[{"href":"https:\/\/www.movilh.cl\/trans\/wp-json\/wp\/v2\/types\/page"}],"author":[{"embeddable":true,"href":"https:\/\/www.movilh.cl\/trans\/wp-json\/wp\/v2\/users\/1"}],"replies":[{"embeddable":true,"href":"https:\/\/www.movilh.cl\/trans\/wp-json\/wp\/v2\/comments?post=533"}],"version-history":[{"count":7,"href":"https:\/\/www.movilh.cl\/trans\/wp-json\/wp\/v2\/pages\/533\/revisions"}],"predecessor-version":[{"id":541,"href":"https:\/\/www.movilh.cl\/trans\/wp-json\/wp\/v2\/pages\/533\/revisions\/541"}],"wp:attachment":[{"href":"https:\/\/www.movilh.cl\/trans\/wp-json\/wp\/v2\/media?parent=533"}],"curies":[{"name":"wp","href":"https:\/\/api.w.org\/{rel}","templated":true}]}}