{"id":458,"date":"2019-12-17T20:09:17","date_gmt":"2019-12-17T20:09:17","guid":{"rendered":"http:\/\/www.movilh.cl\/trans\/?page_id=458"},"modified":"2019-12-17T20:09:17","modified_gmt":"2019-12-17T20:09:17","slug":"glosario","status":"publish","type":"page","link":"https:\/\/www.movilh.cl\/trans\/glosario\/","title":{"rendered":"Glosario"},"content":{"rendered":"\n<p><\/p>\n\n\n\n<p>En el campo de\nlos derechos humanos, la no discriminaci\u00f3n y la sexualidad hay muchos conceptos\npara referirse a las personas, sus realidades o sus conductas.&nbsp;<\/p>\n\n\n\n<p>Dichos conceptos\nno pueden entenderse como etiquetas o est\u00e1ticos, pues a&nbsp;las personas nos\ndefinen muchos aspectos de nuestras vidas y no uno solo, mientras que cada d\u00eda\nnos vamos desarrollando y cambiando.&nbsp;<\/p>\n\n\n\n<p>Las palabras,\nconceptos, ideas y sus definiciones son m\u00e1s bien una ayuda para comprender\nnuestra realidad y el entorno, pero en ning\u00fan caso determinan o definen todo lo\nque es un ser humano.<\/p>\n\n\n\n<p>En una sociedad\ndonde pocos saben sobre transexualidad, el conocimiento de los siguientes\nconceptos pueden ayudar a comprender dicha realidad.<\/p>\n\n\n\n<hr class=\"wp-block-separator\"\/>\n\n\n\n<h3><strong>* Sexo:&nbsp;&nbsp;<\/strong><\/h3>\n\n\n\n<p>Define el hecho\nde ser mujer u hombres a partir a partir de condiciones anat\u00f3micas,\nfisiol\u00f3gicas, gen\u00e9ticas y psicol\u00f3gicas.<\/p>\n\n\n\n<p>El&nbsp;<strong>sexo biol\u00f3gico<\/strong>&nbsp;est\u00e1 conformado por\nla gen\u00e9tica (XY si es hombre; XX si es mujer);&nbsp; por las g\u00f3nadas (ovarios,\ntest\u00edculos), por los genitales (pene, escroto, vulva, \u00fatero) por las formas del\ncuerpo (anchura de caderas, espaldas) y por los caracteres sexuales secundarios\n(voz, vello, \u201cnuez de ad\u00e1n\u201d, senos).<\/p>\n\n\n\n<p>El&nbsp;<strong>sexo psicol\u00f3gico<\/strong>&nbsp;es como nos\nidentificamos, es decir como hombre o mujer, siendo un concepto similar al de\nidentidad de g\u00e9nero.<\/p>\n\n\n\n<hr class=\"wp-block-separator\"\/>\n\n\n\n<h3><strong>* Identidad de g\u00e9nero:&nbsp;<\/strong><\/h3>\n\n\n\n<p>Es la\npertenencia e identificaci\u00f3n individual y profunda que una persona siente desde\ntemprana edad con un sexo u otro, es decir con ser hombre, mujer o no binario.<\/p>\n\n\n\n<hr class=\"wp-block-separator\"\/>\n\n\n\n<h3><strong>* Expresi\u00f3n de g\u00e9nero:\u00a0<\/strong><\/h3>\n\n\n\n<p>Son las conductas, gestos, vestimentas u otras formas de expresar nuestra manera de ser hombres, mujeres o no binarios frente a otras personas y la sociedad.\u00a0 \u00a0<\/p>\n\n\n\n<p>La expresi\u00f3n de g\u00e9nero puede o no coincidir con la identidad de g\u00e9nero.\nPor ejemplo, muchas mujeres trans tienen miedo de dar a conocer lo que son,\nproducto de la discriminaci\u00f3n, y ocultan su realidad con expresiones de g\u00e9nero\nvinculadas a lo masculino<\/p>\n\n\n\n<hr class=\"wp-block-separator\"\/>\n\n\n\n<h3><strong>* Rol de g\u00e9nero:&nbsp;<\/strong><\/h3>\n\n\n\n<p>Es el papel, acci\u00f3n o actitud asumido por una persona\nde&nbsp;acuerdo a factores sociales, culturales, pol\u00edticos, econ\u00f3micos, \u00e9ticos\no religiosos, los cuales son variables y distintos, seg\u00fan el tiempo y las zonas\ngeogr\u00e1ficas.<\/p>\n\n\n\n<p>Con el paso del tiempo ha sido evidente que muchos\nroles de g\u00e9nero derivaron en desigualdad de derechos o estereotipos. Algunos\nejemplos son&nbsp; las creencias y afirmaciones del tipo&nbsp; \u201clas mujeres no\ntrabajan\u201d o \u201clos hombres no lloran\u201d.<\/p>\n\n\n\n<hr class=\"wp-block-separator\"\/>\n\n\n\n<h3><strong>* Comportamientos variantes\nde g\u00e9nero:&nbsp;<\/strong><\/h3>\n\n\n\n<p>Son las\nconductas de ni\u00f1os, ni\u00f1as, adolescentes o adultos que de acuerdo a algunas\nculturas o creencias, son diferentes al sexo identificado durante su\nnacimiento.<\/p>\n\n\n\n<p>Por ejemplo,\nni\u00f1os que juegan con mu\u00f1ecas, usan ropas de mujeres, tienen s\u00f3lo amigas o\ncomportamientos delicados; o ni\u00f1as que juegan con autos, usan vestimentas de\nhombres, se relacionan s\u00f3lo con amigos o se expresan con fuerza.<\/p>\n\n\n\n<p>Los&nbsp;<strong>comportamientos\nvariantes del g\u00e9nero<\/strong>&nbsp;son en realidad s\u00f3lo expresiones de las personas\nque en ning\u00fan caso&nbsp; deben prohibirse, ni tampoco reflejan si alguien es\nlesbiana, gay, bisexual, tran o heterosexual.<\/p>\n\n\n\n<p>Los&nbsp;<strong>comportamientos\nvariantes del g\u00e9nero&nbsp;<\/strong>s\u00f3lo podr\u00edan ser una expresi\u00f3n de la\ntransexualidad cuando se dan en forma generalizada, persistente y&nbsp;\nduradera y, muy especialmente, cuando la persona, lejos de aparentar, se\nidentifica de manera genuina y real con un sexo diferente al asignado al nacer.<\/p>\n\n\n\n<h3><strong>*Transexualidad:&nbsp;<\/strong><\/h3>\n\n\n\n<p>Es una identidad\nde g\u00e9nero distinta a la del sexo biol\u00f3gico y al sexo y nombre legal asignados al\nnacer.<\/p>\n\n\n\n<p>La\ntransexualidad es un concepto aplicable tanto a personas que se han sometido a\ncirug\u00edas de readecuaci\u00f3n genital, como a quienes no lo han hecho.<\/p>\n\n\n\n<p>Para referirse\ns\u00f3lo a quienes no se han sometido a cirug\u00edas, se habla tambi\u00e9n de personas\ntransg\u00e9neros.<\/p>\n\n\n\n<p>Producto de\nla&nbsp; discriminaci\u00f3n, la&nbsp; ignorancia y la&nbsp; presi\u00f3n social, muchas\npersonas aprenden desde temprana edad a&nbsp; reprimir su transexualidad, es\ndecir a ocultar sus \u201ccomportamientos variantes de g\u00e9nero\u201d&nbsp; o su \u201cexpresi\u00f3n\nde g\u00e9nero\u201d &nbsp;pues sabe que podr\u00edan ser\nrechazadas o despreciadas por su entorno.<\/p>\n\n\n\n<p>\u2022<strong> Mujer trans:<\/strong>\u00a0Es\u00a0 una persona nacida con un sexo biol\u00f3gico masculino e identificada legalmente como hombre, pero que siente ser mujer desde temprana edad.<\/p>\n\n\n\n<p>Es decir se trata de una mujer nacida en un cuerpo\ndistinto a su identidad de g\u00e9nero y que, por tanto, puede pasar por procesos\nm\u00e9dicos de readecuaci\u00f3n corporal hasta verse y sentirse tal cual como es y se\nsiente.<\/p>\n\n\n\n<p>A lo expuesto se a\u00f1aden los tr\u00e1mites jur\u00eddicos para\ncambiar el nombre y sexo legal, lo cual puede ocurrir antes, despu\u00e9s o en\nparalelo a la readecuaci\u00f3n corporal.<\/p>\n\n\n\n<p>El proceso y la\u00a0<strong>transici\u00f3n<\/strong>\u00a0m\u00e9dica, psicol\u00f3gica\u00a0 y social vivido por estas mujeres para adecuar el cuerpo a su identidad de g\u00e9nero es denominado\u00a0<strong>HaM<\/strong>\u00a0(Hombre a Mujer).<br> \u00a0\u00a0\u00a0\u00a0<br>\u2022<strong> Hombre trans:\u00a0<\/strong>Es\u00a0 una persona nacida con un sexo biol\u00f3gico femenino e identificada legalmente como mujer, pero que siente ser hombre desde temprana edad.<\/p>\n\n\n\n<p>Es decir se trata de un hombre nacido en un cuerpo\ndistinto al de su identidad de g\u00e9nero. Por tanto, puede pasar por procesos\nm\u00e9dicos de readecuaci\u00f3n corporal hasta verse y sentirse tal cual como es y se\nsiente.<\/p>\n\n\n\n<p>A lo expuesto se a\u00f1aden los tr\u00e1mites jur\u00eddicos para\ncambiar el nombre y sexo legal, lo cual puede ocurrir antes, despu\u00e9s o en\nparalelo a la readecuaci\u00f3n corporal.<\/p>\n\n\n\n<p>El proceso y la transici\u00f3n m\u00e9dica, psicol\u00f3gica\u00a0 y social vivido por estos hombres para adecuar el cuerpo a su identidad de g\u00e9nero es denominado\u00a0<strong>MaH<\/strong>\u00a0(Mujer a Hombre).<\/p>\n\n\n\n<p>\u2022 <strong>Trans no binario: <\/strong>Persona que al nacer le asignaron un nombre y sexo legal masculino o femenino, pero al crecer no se identifica con ninguna de estas categor\u00edas. Son personas que viven su realidad sin identificarse como hombres, ni como mujeres.<\/p>\n\n\n\n<p> \u2022<strong> Intersexuales:<\/strong>\u00a0 Personas nacidas con un sexo biol\u00f3gico con caracter\u00edsticas femeninas y masculinas, lo que impiden saber al comienzo si es un hombre o mujer.\u00a0<\/p>\n\n\n\n<p>Al respecto se exige que sea la propia persona la que\nindique su sexo una vez que pueda expresarlo y efectuar, s\u00f3lo en ese momento,\nlas cirug\u00edas necesarias.&nbsp;<\/p>\n\n\n\n<p>Antiguamente era muy com\u00fan someter a cirug\u00edas al\nmomento de nacimiento, decidi\u00e9ndose casi al azar si la persona era mujer u\nhombre, lo cual trajo serios y graves problemas cuando hubo equivocaciones<\/p>\n\n\n\n<p>En el pasado las personas intersexuales eran llamadas\nhermafroditas, pero dicho concepto est\u00e1 en justo desuso, siendo en la\nactualidad s\u00f3lo aplicado a plantas y animales.<\/p>\n\n\n\n<hr class=\"wp-block-separator\"\/>\n\n\n\n<h3><strong>*Cisg\u00e9nero&nbsp;&nbsp;<\/strong><\/h3>\n\n\n\n<p>Se trata de las\npersonas cuya identidad de g\u00e9nero es concordante con el sexo biol\u00f3gico de\nnacimiento y con el sexo legal asignado al nacer.. En otras palabras, son todas\nlas personas que no son trans, ni intersexuales.<\/p>\n\n\n\n<hr class=\"wp-block-separator\"\/>\n\n\n\n<h3><strong>* Travestismo:&nbsp;&nbsp;<\/strong><\/h3>\n\n\n\n<p>Uso de\nvestimentas distintas a las del sexo biol\u00f3gico por razones de placer,\ncuriosidad o fetichismo y no porque la persona tenga tal o cual identidad de\ng\u00e9nero.<\/p>\n\n\n\n<hr class=\"wp-block-separator\"\/>\n\n\n\n<h3><strong>* Transformismo:&nbsp;<\/strong><\/h3>\n\n\n\n<p>Expresi\u00f3n\nart\u00edstica donde una persona se viste con ropas del sexo diferente al suyo s\u00f3lo\ncon fines laborales, de entretenci\u00f3n o de lucha pol\u00edtica por la igualdad. No\nhay relaci\u00f3n con la identidad de g\u00e9nero, ni con la orientaci\u00f3n sexual.<\/p>\n\n\n\n<hr class=\"wp-block-separator\"\/>\n\n\n\n<h3><strong>* Orientaci\u00f3n sexual:&nbsp;<\/strong><\/h3>\n\n\n\n<p>Es la atracci\u00f3n\namorosa y er\u00f3tica hacia personas de distinto (<strong>heterosexual<\/strong>), igual (<strong>homosexual<\/strong>&nbsp;-gay\no lesbiana -) o ambos sexos (<strong>bisexual<\/strong>).<\/p>\n\n\n\n<p>La orientaci\u00f3n\nsexual no es una elecci\u00f3n y est\u00e1 por siempre presente en la vida de las\npersonas, exprese o no sus gustos.<\/p>\n\n\n\n<hr class=\"wp-block-separator\"\/>\n\n\n\n<h3><strong>* Conducta sexual:&nbsp;<\/strong><\/h3>\n\n\n\n<p>Son las\npr\u00e1cticas e historias amorosas y er\u00f3ticas de las personas. Estas conductas\npueden ser heterosexuales, bisexuales, gays o l\u00e9sbicas.<\/p>\n\n\n\n<p>Mientras la\norientaci\u00f3n sexual es lo que \u201cuno es\u201d, la conducta sexual es lo que \u201cuno hace\u201d.\nPor ejemplos, hay personas que reprimen su&nbsp;<strong>orientaci\u00f3n sexual\nhomosexual<\/strong>&nbsp;por el miedo al rechazo y tienen&nbsp; s\u00f3lo conductas\nheterosexuales. Tambi\u00e9n hay personas con&nbsp;<strong>orientaci\u00f3n sexual\nheterosexual<\/strong>&nbsp;que por curiosidad pueden experimentar&nbsp;<strong>conductas\nhomosexuales<\/strong>.<\/p>\n\n\n\n<hr class=\"wp-block-separator\"\/>\n\n\n\n<h3><strong>*Pansexualidad:&nbsp;<\/strong><\/h3>\n\n\n\n<p>Es una\norientaci\u00f3n sexual o conducta sexual hacia personas de ambos sexos.<\/p>\n\n\n\n<p>Se diferencia de\nla bisexualidad, pues la atracci\u00f3n es indiferente a los sexos o identidad\ng\u00e9neros de las personas, al tiempo que quienes se definen como pansexuales\nrechazan las categor\u00edas de hombre-mujer o de masculino-femenino.<\/p>\n","protected":false},"excerpt":{"rendered":"<p>En el campo de los derechos humanos, la no discriminaci\u00f3n y la sexualidad hay muchos conceptos para referirse a las personas, sus realidades o sus conductas.&nbsp; Dichos conceptos no pueden entenderse como etiquetas o est\u00e1ticos, pues a&nbsp;las personas nos definen muchos aspectos de nuestras vidas y no uno solo, mientras que cada d\u00eda nos vamos&hellip;<\/p>\n","protected":false},"author":1,"featured_media":0,"parent":0,"menu_order":0,"comment_status":"closed","ping_status":"closed","template":"","meta":[],"_links":{"self":[{"href":"https:\/\/www.movilh.cl\/trans\/wp-json\/wp\/v2\/pages\/458"}],"collection":[{"href":"https:\/\/www.movilh.cl\/trans\/wp-json\/wp\/v2\/pages"}],"about":[{"href":"https:\/\/www.movilh.cl\/trans\/wp-json\/wp\/v2\/types\/page"}],"author":[{"embeddable":true,"href":"https:\/\/www.movilh.cl\/trans\/wp-json\/wp\/v2\/users\/1"}],"replies":[{"embeddable":true,"href":"https:\/\/www.movilh.cl\/trans\/wp-json\/wp\/v2\/comments?post=458"}],"version-history":[{"count":2,"href":"https:\/\/www.movilh.cl\/trans\/wp-json\/wp\/v2\/pages\/458\/revisions"}],"predecessor-version":[{"id":460,"href":"https:\/\/www.movilh.cl\/trans\/wp-json\/wp\/v2\/pages\/458\/revisions\/460"}],"wp:attachment":[{"href":"https:\/\/www.movilh.cl\/trans\/wp-json\/wp\/v2\/media?parent=458"}],"curies":[{"name":"wp","href":"https:\/\/api.w.org\/{rel}","templated":true}]}}