{"id":2243,"date":"2025-09-09T18:21:20","date_gmt":"2025-09-09T18:21:20","guid":{"rendered":"https:\/\/www.movilh.cl\/cine\/?page_id=2243"},"modified":"2025-09-11T20:15:53","modified_gmt":"2025-09-11T20:15:53","slug":"ius-del-tiempo","status":"publish","type":"page","link":"https:\/\/www.movilh.cl\/cine\/ius-del-tiempo\/","title":{"rendered":"IUS del tiempo"},"content":{"rendered":"\n<div class=\"wp-block-columns is-layout-flex wp-container-core-columns-is-layout-1 wp-block-columns-is-layout-flex\">\n<div class=\"wp-block-column is-layout-flow wp-block-column-is-layout-flow\">\n<figure class=\"wp-block-image size-full is-resized\"><a href=\"https:\/\/www.movilh.cl\/cine\/wp-content\/uploads\/2025\/09\/IUS-del-tiempo-scaled.jpg\"><img loading=\"lazy\" decoding=\"async\" width=\"1792\" height=\"2560\" src=\"https:\/\/www.movilh.cl\/cine\/wp-content\/uploads\/2025\/09\/IUS-del-tiempo-scaled.jpg\" alt=\"\" class=\"wp-image-2244\" style=\"width:450px\" srcset=\"https:\/\/www.movilh.cl\/cine\/wp-content\/uploads\/2025\/09\/IUS-del-tiempo-scaled.jpg 1792w, https:\/\/www.movilh.cl\/cine\/wp-content\/uploads\/2025\/09\/IUS-del-tiempo-140x200.jpg 140w, https:\/\/www.movilh.cl\/cine\/wp-content\/uploads\/2025\/09\/IUS-del-tiempo-231x330.jpg 231w\" sizes=\"(max-width: 1792px) 100vw, 1792px\" \/><\/a><\/figure>\n<\/div>\n\n\n\n<div class=\"wp-block-column is-layout-flow wp-block-column-is-layout-flow\">\n<p><strong>A\u00f1o<\/strong>: 2025<\/p>\n\n\n\n<p><strong>Pa\u00eds:<\/strong> Espa\u00f1a<\/p>\n\n\n\n<p><strong>Direcci\u00f3n: <\/strong>Roberto F. Canuto y Xu Xiaoxi.&nbsp;<\/p>\n\n\n\n<p><strong>Duraci\u00f3n:<\/strong> 25\u2032<\/p>\n\n\n\n<p><strong>Categor\u00eda:<\/strong> Cortometraje<\/p>\n\n\n\n<p><strong>Sinopsis:<\/strong> En una aldea asturiana, un tormentoso pasado y un futuro incierto se entrelazan en un encuentro entre dos almas perdidas y solitarias.<\/p>\n\n\n\n<p> Luca, un joven fot\u00f3grafo, llega a la aldea en busca de inspiraci\u00f3n y de sus ra\u00edces. Se hospeda en casa de Xuan, quesero y antiguo maestro, hombre hura\u00f1o que vive aislado y socialmente excluido, bajo la sombra de antiguos rumores sexuales. <\/p>\n\n\n\n<p>A pesar de la tensi\u00f3n inicial entre ellos, la desconfianza se convierte en una conexi\u00f3n inesperada: la c\u00e1mara de Luca se centra en las labores de Xuan, quien empieza a recuperar una ilusi\u00f3n por la vida que parec\u00eda perdida. <\/p>\n\n\n\n<p>Los estragos del pasado sobre Xuan y la juventud dispersa de Luca desaf\u00edan el encuentro entre dos seres de mundos distintos<\/p>\n<\/div>\n<\/div>\n\n\n\n<figure class=\"wp-block-embed is-type-video is-provider-youtube wp-block-embed-youtube wp-embed-aspect-16-9 wp-has-aspect-ratio\"><div class=\"wp-block-embed__wrapper\">\n<iframe loading=\"lazy\" title=\"IUS del tiempo (IUS of Time) | Official Teaser Trailer\" width=\"950\" height=\"534\" src=\"https:\/\/www.youtube.com\/embed\/ztPMIZmOe2o?feature=oembed\" frameborder=\"0\" allow=\"accelerometer; autoplay; clipboard-write; encrypted-media; gyroscope; picture-in-picture; web-share\" referrerpolicy=\"strict-origin-when-cross-origin\" allowfullscreen><\/iframe>\n<\/div><\/figure>\n","protected":false},"excerpt":{"rendered":"<p>A&ntilde;o: 2025 Pa&iacute;s: Espa&ntilde;a Direcci&oacute;n: Roberto F. Canuto y Xu Xiaoxi.&nbsp; Duraci&oacute;n: 25&prime; Categor&iacute;a: Cortometraje Sinopsis: En una aldea asturiana, un tormentoso pasado y un futuro incierto se entrelazan en un encuentro entre dos almas perdidas y solitarias. Luca, un joven fot&oacute;grafo, llega a la aldea en busca de inspiraci&oacute;n y de sus ra&iacute;ces. Se &hellip; <\/p>\n<p class=\"link-more\"><a href=\"https:\/\/www.movilh.cl\/cine\/ius-del-tiempo\/\" class=\"more-link\">Leer m\u00e1s<span class=\"screen-reader-text\"> \u00abIUS del tiempo\u00bb<\/span><\/a><\/p>\n","protected":false},"author":1,"featured_media":0,"parent":0,"menu_order":0,"comment_status":"closed","ping_status":"closed","template":"","meta":{"footnotes":""},"class_list":["post-2243","page","type-page","status-publish","hentry"],"_links":{"self":[{"href":"https:\/\/www.movilh.cl\/cine\/wp-json\/wp\/v2\/pages\/2243"}],"collection":[{"href":"https:\/\/www.movilh.cl\/cine\/wp-json\/wp\/v2\/pages"}],"about":[{"href":"https:\/\/www.movilh.cl\/cine\/wp-json\/wp\/v2\/types\/page"}],"author":[{"embeddable":true,"href":"https:\/\/www.movilh.cl\/cine\/wp-json\/wp\/v2\/users\/1"}],"replies":[{"embeddable":true,"href":"https:\/\/www.movilh.cl\/cine\/wp-json\/wp\/v2\/comments?post=2243"}],"version-history":[{"count":2,"href":"https:\/\/www.movilh.cl\/cine\/wp-json\/wp\/v2\/pages\/2243\/revisions"}],"predecessor-version":[{"id":2278,"href":"https:\/\/www.movilh.cl\/cine\/wp-json\/wp\/v2\/pages\/2243\/revisions\/2278"}],"wp:attachment":[{"href":"https:\/\/www.movilh.cl\/cine\/wp-json\/wp\/v2\/media?parent=2243"}],"curies":[{"name":"wp","href":"https:\/\/api.w.org\/{rel}","templated":true}]}}