{"id":2239,"date":"2025-09-09T17:58:24","date_gmt":"2025-09-09T17:58:24","guid":{"rendered":"https:\/\/www.movilh.cl\/cine\/?page_id=2239"},"modified":"2025-09-11T20:15:06","modified_gmt":"2025-09-11T20:15:06","slug":"dena-asmatuta-dago","status":"publish","type":"page","link":"https:\/\/www.movilh.cl\/cine\/dena-asmatuta-dago\/","title":{"rendered":"DENA ASMATUTA DAGO"},"content":{"rendered":"\n<div class=\"wp-block-columns is-layout-flex wp-container-core-columns-is-layout-1 wp-block-columns-is-layout-flex\">\n<div class=\"wp-block-column is-layout-flow wp-block-column-is-layout-flow\">\n<figure class=\"wp-block-image size-full is-resized\"><a href=\"https:\/\/www.movilh.cl\/cine\/wp-content\/uploads\/2025\/09\/gBHTUposter_DAD_v003.jpg\"><img loading=\"lazy\" decoding=\"async\" width=\"495\" height=\"700\" src=\"https:\/\/www.movilh.cl\/cine\/wp-content\/uploads\/2025\/09\/gBHTUposter_DAD_v003.jpg\" alt=\"\" class=\"wp-image-2236\" style=\"width:450px\" srcset=\"https:\/\/www.movilh.cl\/cine\/wp-content\/uploads\/2025\/09\/gBHTUposter_DAD_v003.jpg 495w, https:\/\/www.movilh.cl\/cine\/wp-content\/uploads\/2025\/09\/gBHTUposter_DAD_v003-141x200.jpg 141w, https:\/\/www.movilh.cl\/cine\/wp-content\/uploads\/2025\/09\/gBHTUposter_DAD_v003-233x330.jpg 233w\" sizes=\"(max-width: 495px) 100vw, 495px\" \/><\/a><\/figure>\n<\/div>\n\n\n\n<div class=\"wp-block-column is-layout-flow wp-block-column-is-layout-flow\">\n<p><strong>A\u00f1o<\/strong>: 2023<\/p>\n\n\n\n<p><strong>Pa\u00eds:<\/strong> Espa\u00f1a<\/p>\n\n\n\n<p><strong>Direcci\u00f3n: <\/strong>Jone Arriola Lobete&nbsp;<\/p>\n\n\n\n<p><strong>Duraci\u00f3n:<\/strong> 14\u2032<\/p>\n\n\n\n<p><strong>Categor\u00eda:<\/strong> Cortometraje<\/p>\n\n\n\n<p><strong>Sinopsis:<\/strong> Un cuarto de ba\u00f1o con est\u00e9tica antigua y de color rosa. <\/p>\n\n\n\n<p>En el medio del ba\u00f1o hay una ba\u00f1era donde dos j\u00f3venes se relajan mientras fuman marihuana. <\/p>\n\n\n\n<p>A medida que el pito  va haciendo su efecto, comienzan a filosofar sobre el origen y la creaci\u00f3n de los elementos, hasta que la conversaci\u00f3n deriva en temas m\u00e1s personales.<\/p>\n<\/div>\n<\/div>\n\n\n\n<figure class=\"wp-block-embed is-type-video is-provider-youtube wp-block-embed-youtube wp-embed-aspect-16-9 wp-has-aspect-ratio\"><div class=\"wp-block-embed__wrapper\">\n<iframe loading=\"lazy\" title=\"DENA ASMATUTA DAGO | TEASER TRAILER | YAQ DISTRIBUCION | CORTOMETRAJE | SHORTFILM\" width=\"950\" height=\"534\" src=\"https:\/\/www.youtube.com\/embed\/fu_VKxkN_jI?feature=oembed\" frameborder=\"0\" allow=\"accelerometer; autoplay; clipboard-write; encrypted-media; gyroscope; picture-in-picture; web-share\" referrerpolicy=\"strict-origin-when-cross-origin\" allowfullscreen><\/iframe>\n<\/div><\/figure>\n","protected":false},"excerpt":{"rendered":"<p>A&ntilde;o: 2023 Pa&iacute;s: Espa&ntilde;a Direcci&oacute;n: Jone Arriola Lobete&nbsp; Duraci&oacute;n: 14&prime; Categor&iacute;a: Cortometraje Sinopsis: Un cuarto de ba&ntilde;o con est&eacute;tica antigua y de color rosa. En el medio del ba&ntilde;o hay una ba&ntilde;era donde dos j&oacute;venes se relajan mientras fuman marihuana. A medida que el pito va haciendo su efecto, comienzan a filosofar sobre el origen &hellip; <\/p>\n<p class=\"link-more\"><a href=\"https:\/\/www.movilh.cl\/cine\/dena-asmatuta-dago\/\" class=\"more-link\">Leer m\u00e1s<span class=\"screen-reader-text\"> \u00abDENA ASMATUTA DAGO\u00bb<\/span><\/a><\/p>\n","protected":false},"author":1,"featured_media":0,"parent":0,"menu_order":0,"comment_status":"closed","ping_status":"closed","template":"","meta":{"footnotes":""},"class_list":["post-2239","page","type-page","status-publish","hentry"],"_links":{"self":[{"href":"https:\/\/www.movilh.cl\/cine\/wp-json\/wp\/v2\/pages\/2239"}],"collection":[{"href":"https:\/\/www.movilh.cl\/cine\/wp-json\/wp\/v2\/pages"}],"about":[{"href":"https:\/\/www.movilh.cl\/cine\/wp-json\/wp\/v2\/types\/page"}],"author":[{"embeddable":true,"href":"https:\/\/www.movilh.cl\/cine\/wp-json\/wp\/v2\/users\/1"}],"replies":[{"embeddable":true,"href":"https:\/\/www.movilh.cl\/cine\/wp-json\/wp\/v2\/comments?post=2239"}],"version-history":[{"count":2,"href":"https:\/\/www.movilh.cl\/cine\/wp-json\/wp\/v2\/pages\/2239\/revisions"}],"predecessor-version":[{"id":2277,"href":"https:\/\/www.movilh.cl\/cine\/wp-json\/wp\/v2\/pages\/2239\/revisions\/2277"}],"wp:attachment":[{"href":"https:\/\/www.movilh.cl\/cine\/wp-json\/wp\/v2\/media?parent=2239"}],"curies":[{"name":"wp","href":"https:\/\/api.w.org\/{rel}","templated":true}]}}