{"id":1597,"date":"2022-09-12T20:12:48","date_gmt":"2022-09-12T20:12:48","guid":{"rendered":"https:\/\/www.movilh.cl\/cine\/?page_id=1597"},"modified":"2024-08-20T21:30:15","modified_gmt":"2024-08-20T21:30:15","slug":"cartelera-2021","status":"publish","type":"page","link":"https:\/\/www.movilh.cl\/cine\/cartelera-2021\/","title":{"rendered":"Cartelera 2021"},"content":{"rendered":"<p>&nbsp;<\/p>\n<p><a name=\"apnea\"><\/a><\/p>\n<ul>\n<li>\n<h2><strong>&#8211; Apnea<\/strong><\/h2>\n<\/li>\n<\/ul>\n<p><img loading=\"lazy\" decoding=\"async\" class=\"alignnone wp-image-1556\" src=\"http:\/\/www.movilh.cl\/cine\/wp-content\/uploads\/2021\/09\/Apnea.jpg\" alt=\"\" width=\"582\" height=\"262\" srcset=\"https:\/\/www.movilh.cl\/cine\/wp-content\/uploads\/2021\/09\/Apnea.jpg 2396w, https:\/\/www.movilh.cl\/cine\/wp-content\/uploads\/2021\/09\/Apnea-444x200.jpg 444w, https:\/\/www.movilh.cl\/cine\/wp-content\/uploads\/2021\/09\/Apnea-732x330.jpg 732w, https:\/\/www.movilh.cl\/cine\/wp-content\/uploads\/2021\/09\/Apnea-768x346.jpg 768w, https:\/\/www.movilh.cl\/cine\/wp-content\/uploads\/2021\/09\/Apnea-1536x692.jpg 1536w, https:\/\/www.movilh.cl\/cine\/wp-content\/uploads\/2021\/09\/Apnea-2048x923.jpg 2048w, https:\/\/www.movilh.cl\/cine\/wp-content\/uploads\/2021\/09\/Apnea-620x279.jpg 620w\" sizes=\"(max-width: 582px) 100vw, 582px\" \/><\/p>\n<p><strong>A\u00f1o:<\/strong>\u00a02019<br \/>\n<strong>Pa\u00eds:<\/strong>\u00a0Chile<br \/>\n<strong>Duraci\u00f3n:<\/strong>\u00a014\u00a0minutos<br \/>\n<strong>Direcci\u00f3n:<\/strong>\u00a0Domingo Jeame<br \/>\n<strong>Reparto:<\/strong>\u00a0Tom\u00e1s \u00c1balo, El\u00edas Coroseo, Claudio Riveros, Nicol\u00e1s Leiva.<br \/>\n<strong>Sinopsis:\u00a0<\/strong>Mateo un competitivo joven nadador ve amenazado su puesto en el equipo del club de nataci\u00f3n por un nuevo integrante, esto lo llevar\u00e1 a un conflicto interno en donde har\u00e1 algo de lo que se cre\u00eda incapaz.<\/p>\n<p><iframe loading=\"lazy\" title=\"YouTube video player\" src=\"https:\/\/www.youtube.com\/embed\/EwqShKdifrM\" width=\"560\" height=\"315\" frameborder=\"0\" allowfullscreen=\"allowfullscreen\"><\/iframe><\/p>\n<p>[separator]<\/p>\n<p><a name=\"almar\"><\/a><\/p>\n<ul>\n<li>\n<h2><strong>&#8211; Al Mar<\/strong><\/h2>\n<\/li>\n<\/ul>\n<p><img loading=\"lazy\" decoding=\"async\" class=\"alignnone wp-image-1558\" src=\"http:\/\/www.movilh.cl\/cine\/wp-content\/uploads\/2021\/09\/Al-mar.jpg\" alt=\"\" width=\"580\" height=\"326\" srcset=\"https:\/\/www.movilh.cl\/cine\/wp-content\/uploads\/2021\/09\/Al-mar.jpg 1280w, https:\/\/www.movilh.cl\/cine\/wp-content\/uploads\/2021\/09\/Al-mar-356x200.jpg 356w, https:\/\/www.movilh.cl\/cine\/wp-content\/uploads\/2021\/09\/Al-mar-587x330.jpg 587w, https:\/\/www.movilh.cl\/cine\/wp-content\/uploads\/2021\/09\/Al-mar-768x432.jpg 768w, https:\/\/www.movilh.cl\/cine\/wp-content\/uploads\/2021\/09\/Al-mar-620x349.jpg 620w\" sizes=\"(max-width: 580px) 100vw, 580px\" \/><\/p>\n<p><strong>A\u00f1o:<\/strong>\u00a02021<br \/>\n<strong>Pa\u00eds:<\/strong>\u00a0Chile<br \/>\n<strong>Duraci\u00f3n:<\/strong>\u00a078\u00a0minutos<br \/>\n<strong>Direcci\u00f3n:<\/strong>\u00a0Marco Antonio N\u00fa\u00f1ez<br \/>\n<strong>Reparto:<\/strong>\u00a0Ana Burgos, Marcelo Guti\u00e9rrez, Francisco Da\u00f1obeit\u00eda, Ana Reeves, Consuelo Holzapfel, \u00c1lvaro Ceballos.<br \/>\n<strong>Sinopsis:\u00a0<\/strong>Una pareja decide iniciar un nuevo comienzo junto al mar. Lorena debe terminar su proyecto art\u00edstico y Diego consigue trabajo en la biblioteca. Ah\u00ed conocer\u00e1n a Vicente, quien les har\u00e1 replantearse la idea del amor mientras el pueblo observa.<\/p>\n<p>[separator]<\/p>\n<p><a name=\"elmilagro\"><\/a><\/p>\n<ul>\n<li>\n<h2><strong>&#8211; El Milagro<\/strong><\/h2>\n<\/li>\n<\/ul>\n<p><img loading=\"lazy\" decoding=\"async\" class=\"alignnone wp-image-1559\" src=\"http:\/\/www.movilh.cl\/cine\/wp-content\/uploads\/2021\/09\/El-Milagro.jpg\" alt=\"\" width=\"581\" height=\"314\" srcset=\"https:\/\/www.movilh.cl\/cine\/wp-content\/uploads\/2021\/09\/El-Milagro.jpg 1998w, https:\/\/www.movilh.cl\/cine\/wp-content\/uploads\/2021\/09\/El-Milagro-370x200.jpg 370w, https:\/\/www.movilh.cl\/cine\/wp-content\/uploads\/2021\/09\/El-Milagro-611x330.jpg 611w, https:\/\/www.movilh.cl\/cine\/wp-content\/uploads\/2021\/09\/El-Milagro-768x415.jpg 768w, https:\/\/www.movilh.cl\/cine\/wp-content\/uploads\/2021\/09\/El-Milagro-1536x830.jpg 1536w, https:\/\/www.movilh.cl\/cine\/wp-content\/uploads\/2021\/09\/El-Milagro-620x335.jpg 620w\" sizes=\"(max-width: 581px) 100vw, 581px\" \/><\/p>\n<p><strong>A\u00f1o:<\/strong>\u00a02019<br \/>\n<strong>Pa\u00eds:<\/strong>\u00a0Chile<br \/>\n<strong>Duraci\u00f3n:<\/strong>\u00a015\u00a0minutos<br \/>\n<strong>Direcci\u00f3n:<\/strong>\u00a0Daniela L\u00f3pez Lugo<br \/>\n<strong>Reparto:<\/strong>\u00a0Giannina Fruttero (La Flaca), David Gaete, Paulina Garc\u00eda.<br \/>\n<strong>Sinopsis:\u00a0<\/strong>El milagro cuenta un d\u00eda en la vida de \u201cLa flaca\u201d una joven madre de dos peque\u00f1as, la que vive de allegada en la casa de los pap\u00e1s de su actual pareja David. Ese d\u00eda la flaca no soporta m\u00e1s la terrible sospecha de que su pareja le es infiel con otro hombre y decide enfrentarlo. Por m\u00e1s que se lo niega, \u201cLa flaca\u201d decide sacar todo a la luz en medio de una cena familiar, una decisi\u00f3n bastante arriesgada en un hogar evang\u00e9lico.<\/p>\n<p><iframe loading=\"lazy\" src=\"https:\/\/player.vimeo.com\/video\/351063726?h=6d77295206&amp;byline=0\" width=\"580\" height=\"314\" frameborder=\"0\" allowfullscreen=\"allowfullscreen\"><\/iframe><\/p>\n<p><strong>[separator]\u00a0<\/strong><\/p>\n<p><a name=\"eranotrostiempos\"><\/a><\/p>\n<ul>\n<li>\n<h2><strong>&#8211; Eran otros tiempos<\/strong><\/h2>\n<\/li>\n<\/ul>\n<p><img loading=\"lazy\" decoding=\"async\" class=\"alignnone size-large wp-image-1465\" src=\"http:\/\/www.movilh.cl\/cine\/wp-content\/uploads\/2019\/09\/21-Eran-otros-tiempos-587x330.jpg\" alt=\"\" width=\"587\" height=\"330\" srcset=\"https:\/\/www.movilh.cl\/cine\/wp-content\/uploads\/2019\/09\/21-Eran-otros-tiempos-587x330.jpg 587w, https:\/\/www.movilh.cl\/cine\/wp-content\/uploads\/2019\/09\/21-Eran-otros-tiempos-356x200.jpg 356w, https:\/\/www.movilh.cl\/cine\/wp-content\/uploads\/2019\/09\/21-Eran-otros-tiempos-768x432.jpg 768w, https:\/\/www.movilh.cl\/cine\/wp-content\/uploads\/2019\/09\/21-Eran-otros-tiempos-620x349.jpg 620w, https:\/\/www.movilh.cl\/cine\/wp-content\/uploads\/2019\/09\/21-Eran-otros-tiempos.jpg 1920w\" sizes=\"(max-width: 587px) 100vw, 587px\" \/><\/p>\n<p><strong>A\u00f1o:<\/strong>\u00a02018<br \/>\n<strong>Pa\u00eds:<\/strong>\u00a0Espa\u00f1a<br \/>\n<strong>Duraci\u00f3n:<\/strong>\u00a07\u00a0minutos<br \/>\n<strong>Direcci\u00f3n:<\/strong>\u00a0Alejandro Talaver\u00f3n<br \/>\n<strong>Reparto:<\/strong>\u00a0Teresa\u00a0Romero,\u00a0Mar\u00eda Del Carmen\u00a0Guerrero,\u00a0Antonio\u00a0Garc\u00eda,\u00a0Alejandro\u00a0Talaver\u00f3n,\u00a0Patricia \u00a0Aguilar,\u00a0Antonio\u00a0Garc\u00eda.<br \/>\n<strong>Sinopsis:\u00a0<\/strong>En la actualidad podemos disfrutar de un decente grado de liberaci\u00f3n sexual. Ahora las minor\u00edas se alzan y salen orgullosamente a las calles a ense\u00f1arles al mundo lo que son, pero a\u00fan hay resquicios de gente atrapada en tiempos pasados. Existencias limitadas a un per\u00edodo de tiempo en el que dejar ver tu orientaci\u00f3n sexual pod\u00eda valerte el exilio. Personas que de haber nacido unos pocos a\u00f1os m\u00e1s tarde tendr\u00edan vidas totalmente diferentes. En los rec\u00f3nditos lugares de su memoria se encuentran escondidos los deseos reprimidos, los amores inconfesables, las palabras que tanto quisieron pronunciar y que\u00a0jam\u00e1s salieron de sus bocas, la rebeld\u00eda contenida y las fantas\u00edas de una vida que nunca llegar\u00eda.<\/p>\n<p>[separator]<br \/>\n<a name=\"arepas\"><\/a><\/p>\n<ul>\n<li style=\"list-style-type: none;\">\n<ul>\n<li style=\"list-style-type: none;\">\n<ul>\n<li>\n<h2><strong>&#8211; Arepas quemadas<\/strong><\/h2>\n<\/li>\n<\/ul>\n<\/li>\n<\/ul>\n<\/li>\n<\/ul>\n<p><img loading=\"lazy\" decoding=\"async\" class=\"alignnone wp-image-1584 size-large\" src=\"http:\/\/www.movilh.cl\/cine\/wp-content\/uploads\/2021\/10\/Arepas-quemadas-1-646x330.jpg\" alt=\"\" width=\"620\" height=\"317\" srcset=\"https:\/\/www.movilh.cl\/cine\/wp-content\/uploads\/2021\/10\/Arepas-quemadas-1-646x330.jpg 646w, https:\/\/www.movilh.cl\/cine\/wp-content\/uploads\/2021\/10\/Arepas-quemadas-1-392x200.jpg 392w, https:\/\/www.movilh.cl\/cine\/wp-content\/uploads\/2021\/10\/Arepas-quemadas-1-768x392.jpg 768w, https:\/\/www.movilh.cl\/cine\/wp-content\/uploads\/2021\/10\/Arepas-quemadas-1-1536x784.jpg 1536w, https:\/\/www.movilh.cl\/cine\/wp-content\/uploads\/2021\/10\/Arepas-quemadas-1-2048x1045.jpg 2048w, https:\/\/www.movilh.cl\/cine\/wp-content\/uploads\/2021\/10\/Arepas-quemadas-1-620x316.jpg 620w\" sizes=\"(max-width: 620px) 100vw, 620px\" \/><\/p>\n<p><strong>A\u00f1o:<\/strong>\u00a02021<br \/>\n<strong>Pa\u00eds:<\/strong>\u00a0Chile<br \/>\n<strong>Duraci\u00f3n:<\/strong>\u00a010 minutos<br \/>\n<strong>Direcci\u00f3n:<\/strong>\u00a0Henry Pacheco<br \/>\n<strong>Sinopsis:\u00a0<\/strong>Mientras una pareja de migrantes venezolanos viviendo en Chile espera poder conmemorar el cumplea\u00f1os de uno de ellos, una visita inesperada transformar\u00e1 la celebraci\u00f3n en un tragedia.<\/p>\n<p>[separator]<\/p>\n<p><a name=\"tellittothebees\"><\/a><\/p>\n<ul>\n<li style=\"list-style-type: none;\">\n<ul>\n<li style=\"list-style-type: none;\">\n<ul>\n<li>\n<h2><strong>&#8211; Tell It to the Bees<\/strong><\/h2>\n<\/li>\n<\/ul>\n<\/li>\n<\/ul>\n<\/li>\n<\/ul>\n<p><img loading=\"lazy\" decoding=\"async\" class=\"alignnone size-large wp-image-1464\" src=\"http:\/\/www.movilh.cl\/cine\/wp-content\/uploads\/2019\/09\/20-Tell-it-to-the-bees-660x330.jpg\" alt=\"\" width=\"620\" height=\"310\" srcset=\"https:\/\/www.movilh.cl\/cine\/wp-content\/uploads\/2019\/09\/20-Tell-it-to-the-bees-660x330.jpg 660w, https:\/\/www.movilh.cl\/cine\/wp-content\/uploads\/2019\/09\/20-Tell-it-to-the-bees-400x200.jpg 400w, https:\/\/www.movilh.cl\/cine\/wp-content\/uploads\/2019\/09\/20-Tell-it-to-the-bees-768x384.jpg 768w, https:\/\/www.movilh.cl\/cine\/wp-content\/uploads\/2019\/09\/20-Tell-it-to-the-bees-620x310.jpg 620w, https:\/\/www.movilh.cl\/cine\/wp-content\/uploads\/2019\/09\/20-Tell-it-to-the-bees.jpg 1200w\" sizes=\"(max-width: 620px) 100vw, 620px\" \/><\/p>\n<p><strong>A\u00f1o:<\/strong>\u00a02018<br \/>\n<strong>Pa\u00eds:<\/strong>\u00a0Reino Unido<br \/>\n<strong>Duraci\u00f3n:<\/strong>\u00a0105\u00a0minutos<br \/>\n<strong>Direcci\u00f3n:<\/strong>\u00a0Annabel Jankel<br \/>\n<strong>Reparto:<\/strong>\u00a0Anna Paquin,\u00a0Holliday Grainger,\u00a0Kate Dickie,\u00a0Emun Elliott,\u00a0Lauren Lyle,\u00a0Rebecca Hanssen,\u00a0Gregor Selkirk,\u00a0Zara Howell,\u00a0Steven Robertson,\u00a0Alexa Snell.<br \/>\n<strong>Sinopsis:\u00a0<\/strong>En 1950, en un peque\u00f1o pueblo brit\u00e1nico, la doctora Jean Markham (Anna Paquin) inicia una relaci\u00f3n \u00edntima con Lydia (Holliday Grainger), madre soltera de uno de sus pacientes.<\/p>\n<p><iframe loading=\"lazy\" title=\"YouTube video player\" src=\"https:\/\/www.youtube.com\/embed\/X7nhkNAfHtw\" width=\"560\" height=\"315\" frameborder=\"0\" allowfullscreen=\"allowfullscreen\"><\/iframe><\/p>\n<p>[separator]<\/p>\n<p><a name=\"noesella\"><\/a><\/p>\n<ul>\n<li style=\"list-style-type: none;\">\n<ul>\n<li style=\"list-style-type: none;\">\n<ul>\n<li>\n<h2><strong>&#8211; No es ella<\/strong><\/h2>\n<\/li>\n<\/ul>\n<\/li>\n<\/ul>\n<\/li>\n<\/ul>\n<p><strong> <img loading=\"lazy\" decoding=\"async\" class=\"alignnone size-large wp-image-1561\" src=\"http:\/\/www.movilh.cl\/cine\/wp-content\/uploads\/2021\/09\/NO-ES-ELLA-1-587x330.jpg\" alt=\"\" width=\"587\" height=\"330\" srcset=\"https:\/\/www.movilh.cl\/cine\/wp-content\/uploads\/2021\/09\/NO-ES-ELLA-1-587x330.jpg 587w, https:\/\/www.movilh.cl\/cine\/wp-content\/uploads\/2021\/09\/NO-ES-ELLA-1-356x200.jpg 356w, https:\/\/www.movilh.cl\/cine\/wp-content\/uploads\/2021\/09\/NO-ES-ELLA-1-768x432.jpg 768w, https:\/\/www.movilh.cl\/cine\/wp-content\/uploads\/2021\/09\/NO-ES-ELLA-1-1536x864.jpg 1536w, https:\/\/www.movilh.cl\/cine\/wp-content\/uploads\/2021\/09\/NO-ES-ELLA-1-620x349.jpg 620w, https:\/\/www.movilh.cl\/cine\/wp-content\/uploads\/2021\/09\/NO-ES-ELLA-1.jpg 1920w\" sizes=\"(max-width: 587px) 100vw, 587px\" \/><\/strong><\/p>\n<p><strong>A\u00f1o:<\/strong>\u00a02021<br \/>\n<strong>Pa\u00eds:<\/strong>\u00a0Chile \/ Cuba<br \/>\n<strong>Duraci\u00f3n:<\/strong>\u00a010\u00a0minutos<br \/>\n<strong>Direcci\u00f3n:<\/strong>\u00a0Samuel Gonz\u00e1lez<br \/>\n<strong>Reparto:<\/strong>\u00a0Claudia La O Sayu, Gast\u00f3n Salgado.<br \/>\n<strong>Sinopsis:\u00a0<\/strong>Mientras ELLA est\u00e1 en Cuba y EL en Chile, la distancia ser\u00e1 el soporte para instalar una mentira que busca enfrentar una verdad.<\/p>\n<p>[separator]<\/p>\n<p><a name=\"gusanos\"><\/a><\/p>\n<ul>\n<li style=\"list-style-type: none;\">\n<ul>\n<li style=\"list-style-type: none;\">\n<ul>\n<li>\n<h2><strong>&#8211; La verdadera identidad de los gusanos de seda<\/strong><\/h2>\n<\/li>\n<\/ul>\n<\/li>\n<\/ul>\n<\/li>\n<\/ul>\n<p><strong> <img loading=\"lazy\" decoding=\"async\" class=\"alignnone size-large wp-image-1463\" src=\"http:\/\/www.movilh.cl\/cine\/wp-content\/uploads\/2019\/09\/19-La-verdadera-identidad-de-los-gusanos-de-seda-587x330.jpg\" alt=\"\" width=\"587\" height=\"330\" srcset=\"https:\/\/www.movilh.cl\/cine\/wp-content\/uploads\/2019\/09\/19-La-verdadera-identidad-de-los-gusanos-de-seda-587x330.jpg 587w, https:\/\/www.movilh.cl\/cine\/wp-content\/uploads\/2019\/09\/19-La-verdadera-identidad-de-los-gusanos-de-seda-356x200.jpg 356w, https:\/\/www.movilh.cl\/cine\/wp-content\/uploads\/2019\/09\/19-La-verdadera-identidad-de-los-gusanos-de-seda-768x432.jpg 768w, https:\/\/www.movilh.cl\/cine\/wp-content\/uploads\/2019\/09\/19-La-verdadera-identidad-de-los-gusanos-de-seda-620x349.jpg 620w, https:\/\/www.movilh.cl\/cine\/wp-content\/uploads\/2019\/09\/19-La-verdadera-identidad-de-los-gusanos-de-seda.jpg 1920w\" sizes=\"(max-width: 587px) 100vw, 587px\" \/><\/strong><\/p>\n<p><strong>A\u00f1o:<\/strong>\u00a02019<br \/>\n<strong>Pa\u00eds:<\/strong>\u00a0Cuba<br \/>\n<strong>Duraci\u00f3n:<\/strong>\u00a03\u00a0minutos<br \/>\n<strong>Direcci\u00f3n:<\/strong>\u00a0Javier\u00a0Del \u00c1lamo<br \/>\n<strong>Reparto:<\/strong>\u00a0Nahelis Mar\u00eda\u00a0D\u00edaz Perdomo, Michel\u00a0Borrego Perdomo, Teresita\u00a0L\u00f3pez.<br \/>\n<strong>Sinopsis:\u00a0<\/strong>\u00abLa verdadera identidad de los gusanos de seda\u00bb trata el descubrimiento de la identidad de g\u00e9nero de Sara a trav\u00e9s de la curiosidad y del acercamiento a lugares no destinados a su sexo y en un contexto que no permite el correcto desarrollo de una identidad de g\u00e9nero propia. La pel\u00edcula cuestiona la exclusi\u00f3n naturalizada y las conductas discriminatorias que reproduce la sociedad.<\/p>\n<p>[separator]<\/p>\n<p><a name=\"zen\"><\/a><\/p>\n<ul>\n<li style=\"list-style-type: none;\">\n<ul>\n<li style=\"list-style-type: none;\">\n<ul>\n<li>\n<h2><strong>&#8211; Zen sul ghiaccio sottile<\/strong><\/h2>\n<\/li>\n<\/ul>\n<\/li>\n<\/ul>\n<\/li>\n<\/ul>\n<p><strong> <img loading=\"lazy\" decoding=\"async\" class=\"alignnone size-large wp-image-1562\" src=\"http:\/\/www.movilh.cl\/cine\/wp-content\/uploads\/2021\/09\/zen-586x330.png\" alt=\"\" width=\"586\" height=\"330\" srcset=\"https:\/\/www.movilh.cl\/cine\/wp-content\/uploads\/2021\/09\/zen-586x330.png 586w, https:\/\/www.movilh.cl\/cine\/wp-content\/uploads\/2021\/09\/zen-355x200.png 355w, https:\/\/www.movilh.cl\/cine\/wp-content\/uploads\/2021\/09\/zen-620x349.png 620w, https:\/\/www.movilh.cl\/cine\/wp-content\/uploads\/2021\/09\/zen.png 750w\" sizes=\"(max-width: 586px) 100vw, 586px\" \/><\/strong><\/p>\n<p><strong>A\u00f1o: <\/strong>2018<br \/>\n<strong>Pa\u00eds:<\/strong> Italia<br \/>\n<strong>Duraci\u00f3n: <\/strong>87 minutos<br \/>\n<strong>Direcci\u00f3n: <\/strong>Margherita Ferri<br \/>\n<strong>Reparto: <\/strong>Susanna Acchiardi, Eleonora Conti, Edoardo Lomazzi, Fabrizia Sacchi<br \/>\n<strong>Sinopsis: <\/strong>Maia, llamada Zen, una tomboy solitaria de 16 a\u00f1os, vive en una peque\u00f1a villa en los Apeninos italianos. Es la \u00fanica chica del equipo de hockey sobre hielo, y es acosada por sus compa\u00f1eros por su actitud masculina. Cuando Vanessa, la preciosa novia del capit\u00e1n del equipo, huye de su casa y se esconde en la de Maia, \u00e9sta se ver\u00e1 por primera vez capaz de confiar en alguien.<\/p>\n<p><iframe loading=\"lazy\" title=\"YouTube video player\" src=\"https:\/\/www.youtube.com\/embed\/2FUtj5OBYH4\" width=\"560\" height=\"315\" frameborder=\"0\" allowfullscreen=\"allowfullscreen\"><\/iframe><\/p>\n<p>[separator]<\/p>\n<p>&nbsp;<\/p>\n","protected":false},"excerpt":{"rendered":"<p>&nbsp; &ndash; Apnea A&ntilde;o:&nbsp;2019Pa&iacute;s:&nbsp;ChileDuraci&oacute;n:&nbsp;14&nbsp;minutosDirecci&oacute;n:&nbsp;Domingo JeameReparto:&nbsp;Tom&aacute;s &Aacute;balo, El&iacute;as Coroseo, Claudio Riveros, Nicol&aacute;s Leiva.Sinopsis:&nbsp;Mateo un competitivo joven nadador ve amenazado su puesto en el equipo del club de nataci&oacute;n por un nuevo integrante, esto lo llevar&aacute; a un conflicto interno en donde har&aacute; algo de lo que se cre&iacute;a incapaz. [separator] &ndash; Al Mar A&ntilde;o:&nbsp;2021Pa&iacute;s:&nbsp;ChileDuraci&oacute;n:&nbsp;78&nbsp;minutosDirecci&oacute;n:&nbsp;Marco Antonio N&uacute;&ntilde;ezReparto:&nbsp;Ana &hellip; <\/p>\n<p class=\"link-more\"><a href=\"https:\/\/www.movilh.cl\/cine\/cartelera-2021\/\" class=\"more-link\">Leer m\u00e1s<span class=\"screen-reader-text\"> \u00abCartelera 2021\u00bb<\/span><\/a><\/p>\n","protected":false},"author":1,"featured_media":0,"parent":0,"menu_order":0,"comment_status":"closed","ping_status":"closed","template":"","meta":{"footnotes":""},"class_list":["post-1597","page","type-page","status-publish","hentry"],"_links":{"self":[{"href":"https:\/\/www.movilh.cl\/cine\/wp-json\/wp\/v2\/pages\/1597"}],"collection":[{"href":"https:\/\/www.movilh.cl\/cine\/wp-json\/wp\/v2\/pages"}],"about":[{"href":"https:\/\/www.movilh.cl\/cine\/wp-json\/wp\/v2\/types\/page"}],"author":[{"embeddable":true,"href":"https:\/\/www.movilh.cl\/cine\/wp-json\/wp\/v2\/users\/1"}],"replies":[{"embeddable":true,"href":"https:\/\/www.movilh.cl\/cine\/wp-json\/wp\/v2\/comments?post=1597"}],"version-history":[{"count":1,"href":"https:\/\/www.movilh.cl\/cine\/wp-json\/wp\/v2\/pages\/1597\/revisions"}],"predecessor-version":[{"id":1598,"href":"https:\/\/www.movilh.cl\/cine\/wp-json\/wp\/v2\/pages\/1597\/revisions\/1598"}],"wp:attachment":[{"href":"https:\/\/www.movilh.cl\/cine\/wp-json\/wp\/v2\/media?parent=1597"}],"curies":[{"name":"wp","href":"https:\/\/api.w.org\/{rel}","templated":true}]}}