{"id":12,"date":"2020-11-24T17:35:59","date_gmt":"2020-11-24T20:35:59","guid":{"rendered":"http:\/\/www.movilh.cl\/cad\/?page_id=12"},"modified":"2026-03-16T14:44:31","modified_gmt":"2026-03-16T17:44:31","slug":"apoyo-psicologico","status":"publish","type":"page","link":"https:\/\/www.movilh.cl\/cad\/apoyo-psicologico\/","title":{"rendered":"Apoyo Psicol\u00f3gico"},"content":{"rendered":"<p><img decoding=\"async\" loading=\"lazy\" src=\"http:\/\/www.movilh.cl\/cad\/wp-content\/uploads\/2026\/03\/72256.jpg\" alt=\"\" width=\"1500\" height=\"504\" class=\"img-redonda aligncenter wp-image-288 size-full\" srcset=\"https:\/\/www.movilh.cl\/cad\/wp-content\/uploads\/2026\/03\/72256.jpg 1500w, https:\/\/www.movilh.cl\/cad\/wp-content\/uploads\/2026\/03\/72256-300x101.jpg 300w, https:\/\/www.movilh.cl\/cad\/wp-content\/uploads\/2026\/03\/72256-1024x344.jpg 1024w, https:\/\/www.movilh.cl\/cad\/wp-content\/uploads\/2026\/03\/72256-768x258.jpg 768w\" sizes=\"(max-width: 1500px) 100vw, 1500px\" \/><\/p>\n<p>&nbsp;<\/p>\n<p><span style=\"font-size: 16px;\">Si tienes dudas, problemas o alg\u00fan malestar y necesitas orientaci\u00f3n psicol\u00f3gica, el Movilh puede ayudarte.<\/span><\/p>\n<p><span style=\"font-size: 16px;\">Esta orientaci\u00f3n la brindamos tanto a personas LGBTIQ+, como a sus parejas y familiares, sean chilenos\/as o migrantes que viven en nuestro pa\u00eds.<\/span><\/p>\n<p><span style=\"font-size: 16px;\">Si vives en la Regi\u00f3n Metropolitana, la psic\u00f3loga puede atenderte de manera remota o presencial,<span class=\"Apple-converted-space\">\u00a0 <\/span>en nuestra sede ubicada en Coquimbo 1410.<\/span><\/p>\n<p><span style=\"font-size: 16px;\">Si eres de otras regiones, nuestra psic\u00f3loga puede brindarte orientaciones a distancia, previa solicitud de hora.<\/span><\/p>\n<p><span style=\"font-size: 16px;\">Para solicitar una hora con nuestra psic\u00f3loga debes escribir al correo <strong>movilh@gmail.com<\/strong>, enviando:<\/span><\/p>\n<ul>\n<li><span style=\"font-size: 16px;\">Nombre completo:<\/span><\/li>\n<li><span style=\"font-size: 16px;\">Rut o n\u00famero de pasaporte:<\/span><\/li>\n<li><span style=\"font-size: 16px;\">Edad:<\/span><\/li>\n<li><span style=\"font-size: 16px;\"> N\u00famero de tel\u00e9fono para contacto:<\/span><\/li>\n<li><span style=\"font-size: 16px;\">G\u00e9nero (masculino, femenino, no binario):<\/span><\/li>\n<li><span style=\"font-size: 16px;\">Orientaci\u00f3n sexual (lesbiana, gay, bisexual, pansexual, etc):<\/span><\/li>\n<li><span style=\"font-size: 16px;\">\u00bfEres una persona trans? (s\u00ed o no)<\/span><\/li>\n<li><span style=\"font-size: 16px;\">Nacionalidad:<\/span><\/li>\n<li><span style=\"font-size: 16px;\">Direcci\u00f3n, comuna y regi\u00f3n de residencia:<\/span><\/li>\n<li><span style=\"font-size: 16px;\">Raz\u00f3n de la consulta:<\/span><\/li>\n<\/ul>\n<p><strong><span style=\"font-size: 16px;\">Una vez que recibamos estos datos, recibir\u00e1s la orientaci\u00f3n de nuestra psic\u00f3loga.<\/span><\/strong><\/p>\n<p>&nbsp;<\/p>\n","protected":false},"excerpt":{"rendered":"<p>&nbsp; Si tienes dudas, problemas o alg\u00fan malestar y necesitas orientaci\u00f3n psicol\u00f3gica, el Movilh puede ayudarte. Esta orientaci\u00f3n la brindamos tanto a personas LGBTIQ+, como a sus parejas y familiares, sean chilenos\/as o migrantes que viven en nuestro pa\u00eds. Si vives en la Regi\u00f3n Metropolitana, la psic\u00f3loga puede atenderte de [&hellip;]<\/p>\n","protected":false},"author":1,"featured_media":0,"parent":0,"menu_order":0,"comment_status":"closed","ping_status":"closed","template":"","meta":{"_themeisle_gutenberg_block_has_review":false},"_links":{"self":[{"href":"https:\/\/www.movilh.cl\/cad\/wp-json\/wp\/v2\/pages\/12"}],"collection":[{"href":"https:\/\/www.movilh.cl\/cad\/wp-json\/wp\/v2\/pages"}],"about":[{"href":"https:\/\/www.movilh.cl\/cad\/wp-json\/wp\/v2\/types\/page"}],"author":[{"embeddable":true,"href":"https:\/\/www.movilh.cl\/cad\/wp-json\/wp\/v2\/users\/1"}],"replies":[{"embeddable":true,"href":"https:\/\/www.movilh.cl\/cad\/wp-json\/wp\/v2\/comments?post=12"}],"version-history":[{"count":19,"href":"https:\/\/www.movilh.cl\/cad\/wp-json\/wp\/v2\/pages\/12\/revisions"}],"predecessor-version":[{"id":289,"href":"https:\/\/www.movilh.cl\/cad\/wp-json\/wp\/v2\/pages\/12\/revisions\/289"}],"wp:attachment":[{"href":"https:\/\/www.movilh.cl\/cad\/wp-json\/wp\/v2\/media?parent=12"}],"curies":[{"name":"wp","href":"https:\/\/api.w.org\/{rel}","templated":true}]}}

Apoyo Psicológico

<p><img decoding="async" loading="lazy" src="http://www.movilh.cl/cad/wp-content/uploads/2026/03/72256.jpg" alt="" width="1500" height="504" class="img-redonda aligncenter wp-image-288 size-full" srcset="https://www.movilh.cl/cad/wp-content/uploads/2026/03/72256.jpg 1500w, https://www.movilh.cl/cad/wp-content/uploads/2026/03/72256-300x101.jpg 300w, https://www.movilh.cl/cad/wp-content/uploads/2026/03/72256-1024x344.jpg 1024w, https://www.movilh.cl/cad/wp-content/uploads/2026/03/72256-768x258.jpg 768w" sizes="(max-width: 1500px) 100vw, 1500px" /></p>
<p>&nbsp;</p>
<p><span style="font-size: 16px;">Si tienes dudas, problemas o algún malestar y necesitas orientación psicológica, el Movilh puede ayudarte.</span></p>
<p><span style="font-size: 16px;">Esta orientación la brindamos tanto a personas LGBTIQ+, como a sus parejas y familiares, sean chilenos/as o migrantes que viven en nuestro país.</span></p>
<p><span style="font-size: 16px;">Si vives en la Región Metropolitana, la psicóloga puede atenderte de manera remota o presencial,<span class="Apple-converted-space">  </span>en nuestra sede ubicada en Coquimbo 1410.</span></p>
<p><span style="font-size: 16px;">Si eres de otras regiones, nuestra psicóloga puede brindarte orientaciones a distancia, previa solicitud de hora.</span></p>
<p><span style="font-size: 16px;">Para solicitar una hora con nuestra psicóloga debes escribir al correo <strong>movilh@gmail.com</strong>, enviando:</span></p>
<ul>
<li><span style="font-size: 16px;">Nombre completo:</span></li>
<li><span style="font-size: 16px;">Rut o número de pasaporte:</span></li>
<li><span style="font-size: 16px;">Edad:</span></li>
<li><span style="font-size: 16px;"> Número de teléfono para contacto:</span></li>
<li><span style="font-size: 16px;">Género (masculino, femenino, no binario):</span></li>
<li><span style="font-size: 16px;">Orientación sexual (lesbiana, gay, bisexual, pansexual, etc):</span></li>
<li><span style="font-size: 16px;">¿Eres una persona trans? (sí o no)</span></li>
<li><span style="font-size: 16px;">Nacionalidad:</span></li>
<li><span style="font-size: 16px;">Dirección, comuna y región de residencia:</span></li>
<li><span style="font-size: 16px;">Razón de la consulta:</span></li>
</ul>
<p><strong><span style="font-size: 16px;">Una vez que recibamos estos datos, recibirás la orientación de nuestra psicóloga.</span></strong></p>
<p>&nbsp;</p>

<p>&nbsp; Si tienes dudas, problemas o algún malestar y necesitas orientación psicológica, el Movilh puede ayudarte. Esta orientación la brindamos tanto a personas LGBTIQ+, como a sus parejas y familiares, sean chilenos/as o migrantes que viven en nuestro país. Si vives en la Región Metropolitana, la psicóloga puede atenderte de [&hellip;]</p>
