{"id":8,"date":"2024-07-25T19:22:38","date_gmt":"2024-07-25T22:22:38","guid":{"rendered":"http:\/\/www.movilh.cl\/comunadiversa\/?page_id=8"},"modified":"2024-09-05T17:04:32","modified_gmt":"2024-09-05T20:04:32","slug":"comuna-diversa","status":"publish","type":"page","link":"http:\/\/www.movilh.cl\/comunadiversa\/comuna-diversa\/","title":{"rendered":"\u00bfQu\u00e9 es Comuna Diversa?"},"content":{"rendered":"\n<p><\/p>\n\n\n\n<div class=\"wp-block-group has-nv-light-bg-background-color has-background\"><div class=\"wp-block-group__inner-container is-layout-flow wp-block-group-is-layout-flow\">\n<div style=\"height:0px\" aria-hidden=\"true\" class=\"wp-block-spacer\"><\/div>\n\n\n\n<div class=\"wp-block-group\"><div class=\"wp-block-group__inner-container is-layout-constrained wp-block-group-is-layout-constrained\"><div class=\"wp-block-image\">\n<figure class=\"aligncenter size-full has-custom-border\"><img loading=\"lazy\" decoding=\"async\" width=\"1343\" height=\"631\" src=\"http:\/\/www.movilh.cl\/comunadiversa\/wp-content\/uploads\/2024\/07\/votante-urna-e1722014614300.jpeg\" alt=\"\" class=\"wp-image-122\" style=\"border-style:none;border-width:0px;border-radius:63px\" srcset=\"http:\/\/www.movilh.cl\/comunadiversa\/wp-content\/uploads\/2024\/07\/votante-urna-e1722014614300.jpeg 1343w, http:\/\/www.movilh.cl\/comunadiversa\/wp-content\/uploads\/2024\/07\/votante-urna-e1722014614300-300x141.jpeg 300w, http:\/\/www.movilh.cl\/comunadiversa\/wp-content\/uploads\/2024\/07\/votante-urna-e1722014614300-1024x481.jpeg 1024w, http:\/\/www.movilh.cl\/comunadiversa\/wp-content\/uploads\/2024\/07\/votante-urna-e1722014614300-768x361.jpeg 768w\" sizes=\"auto, (max-width: 1343px) 100vw, 1343px\" \/><\/figure>\n<\/div><\/div><\/div>\n\n\n\n<div style=\"height:23px\" aria-hidden=\"true\" class=\"wp-block-spacer\"><\/div>\n\n\n\n<div class=\"wp-block-columns are-vertically-aligned-top has-neve-text-color-color has-nv-site-bg-background-color has-text-color has-background is-layout-flex wp-container-core-columns-is-layout-9d6595d7 wp-block-columns-is-layout-flex\">\n<div class=\"wp-block-column is-vertically-aligned-top is-layout-flow wp-block-column-is-layout-flow\" style=\"padding-right:var(--wp--preset--spacing--30);padding-left:var(--wp--preset--spacing--30);flex-basis:50%\">\n<figure class=\"wp-block-image size-full has-custom-border\"><img loading=\"lazy\" decoding=\"async\" width=\"792\" height=\"612\" src=\"http:\/\/www.movilh.cl\/comunadiversa\/wp-content\/uploads\/2024\/07\/logotipo-comuna-diversa.jpg\" alt=\"\" class=\"wp-image-35\" style=\"border-radius:45px\" srcset=\"http:\/\/www.movilh.cl\/comunadiversa\/wp-content\/uploads\/2024\/07\/logotipo-comuna-diversa.jpg 792w, http:\/\/www.movilh.cl\/comunadiversa\/wp-content\/uploads\/2024\/07\/logotipo-comuna-diversa-300x232.jpg 300w, http:\/\/www.movilh.cl\/comunadiversa\/wp-content\/uploads\/2024\/07\/logotipo-comuna-diversa-768x593.jpg 768w\" sizes=\"auto, (max-width: 792px) 100vw, 792px\" \/><\/figure>\n<\/div>\n\n\n\n<div class=\"wp-block-column is-vertically-aligned-top is-layout-flow wp-block-column-is-layout-flow\" style=\"padding-top:0;padding-right:var(--wp--preset--spacing--30);padding-bottom:0;padding-left:var(--wp--preset--spacing--30);flex-basis:50%\">\n<h2 class=\"wp-block-heading has-neve-text-color-color has-text-color\">\u00bfQu\u00e9 es Comuna Diversa?<\/h2>\n\n\n\n<p class=\"has-neve-text-color-color has-text-color\"><strong>Comuna Diversa<\/strong> es una iniciativa impulsada por el Movilh con el fin de promover la participaci\u00f3n de las personas LGBTIQ+ en las elecciones de gobernadores regionales, consejeros regionales, alcaldes y concejales en todo el pa\u00eds, as\u00ed como para comprometer a candidatos\/as en la igualdad, la no discriminaci\u00f3n y el pleno respeto a la democracia.<\/p>\n\n\n\n<p class=\"has-neve-text-color-color has-text-color\">En su versi\u00f3n 2024 <strong>\u201cComuna Diversa\u201d<\/strong> cuenta con el apoyo de OutRight International y pone el acento en la necesidad de prevenir y erradicar los discursos de odio, de incrementar las narrativas favorables a los derechos LGBTIQ+ y de contribuir al perfeccionamiento de la democracia en Chile.<\/p>\n\n\n\n<p class=\"has-neve-text-color-color has-text-color\">Las regiones, y sus respectivas comunas, son las zonas geogr\u00e1ficas m\u00e1s cercanas a las personas y donde primero buscan orientaci\u00f3n o ayuda, adem\u00e1s de reflejar la rica diversidad social, cultural e identitaria&nbsp; de nuestro pa\u00eds.&nbsp;<\/p>\n\n\n\n<p>De ah\u00ed la importancia de estas elecciones: alcaldes y concejales dirigir\u00e1n y administrar\u00e1n los municipios donde vivimos y lo mismo har\u00e1n los gobernadores regionales en cada una de las 16 regiones del pa\u00eds. A su vez, los consejeros regionales pueden aprobar, modificar o sustituir los proyectos y presupuestos para las regiones y municipios.<\/p>\n\n\n\n<p>Votar es un derecho valioso que nos entrega el poder de decidir cu\u00e1les propuestas o personas son las mejores para nuestras comunas y regiones.<\/p>\n\n\n\n<p>A su vez, el compromiso de los\/as candidatos\/as con los derechos humanos de todas las personas es de la mayor trascendencia, pues nos orienta y ayuda a decidir nuestro voto.&nbsp;<\/p>\n\n\n\n<p>En 33 a\u00f1os de trayectoria hemos conseguido&nbsp;<a href=\"http:\/\/www.movilh.cl\/nuestros-logros\/\" target=\"_blank\" rel=\"noreferrer noopener\">importantes avances<\/a>&nbsp;en el marco de los compromisos electorales que &nbsp; candidatos\/as de todas las corrientes pol\u00edticas e ideol\u00f3gicas han asumido con nuestra organizaci\u00f3n.<\/p>\n\n\n\n<p><strong>Comuna Diversa<\/strong> fue pionera en idear y proponer Ordenanzas Municipales contra la Discriminaci\u00f3n y Oficinas por la Diversidad en nuestros pa\u00eds, al tiempo que cada a\u00f1o capacitamos y comprometemos con medidas contra la discriminaci\u00f3n a municipios de todo Chile. Solo en 2024,&nbsp; un total de 87 municipios se plegaron a nuestra <a href=\"https:\/\/www.movilh.cl\/amplio-respaldo-a-la-campana-arcoiris-87-instituciones-desplegaran-la-bandera-lgbtiq-el-dia-contra-la-homo-transfobia\/\" target=\"_blank\" rel=\"noreferrer noopener\"><strong>Campa\u00f1a Arco\u00edris<\/strong><\/a>.<\/p>\n\n\n\n<p>Porque queremos&nbsp;m\u00e1s regiones y municipios que apoyen los derechos LGBTIQ+, vamos todas, todos y todes a promover comunas diversas.<\/p>\n\n\n\n<p class=\"has-neve-text-color-color has-text-color\" style=\"font-size:16px\">*<strong>Comuna Diversa<\/strong> se suma a otra iniciativa de Movilh llamada <a href=\"https:\/\/www.movilh.cl\/chilediverso\/\" target=\"_blank\" rel=\"noreferrer noopener\"><strong>Chile Diverso<\/strong><\/a>, la cual desarrolla campa\u00f1as en el marco de los comicios presidenciales y parlamentarios.<\/p>\n<\/div>\n<\/div>\n\n\n\n<div style=\"height:40px\" aria-hidden=\"true\" class=\"wp-block-spacer\"><\/div>\n<\/div><\/div>\n\n\n\n<div class=\"wp-block-cover alignfull\" style=\"min-height:600px;aspect-ratio:unset;\"><span aria-hidden=\"true\" class=\"wp-block-cover__background has-nv-dark-bg-background-color has-background-dim-100 has-background-dim\"><\/span><div class=\"wp-block-cover__inner-container is-layout-flow wp-block-cover-is-layout-flow\">\n<div class=\"wp-block-group\"><div class=\"wp-block-group__inner-container is-layout-flow wp-block-group-is-layout-flow\">\n<div style=\"height:80px\" aria-hidden=\"true\" class=\"wp-block-spacer\"><\/div>\n\n\n\n<div class=\"wp-block-columns are-vertically-aligned-center is-layout-flex wp-container-core-columns-is-layout-9d6595d7 wp-block-columns-is-layout-flex\">\n<div class=\"wp-block-column is-vertically-aligned-center is-layout-flow wp-block-column-is-layout-flow\" style=\"padding-right:var(--wp--preset--spacing--30);padding-left:var(--wp--preset--spacing--30);flex-basis:50%\">\n<h2 class=\"wp-block-heading has-nv-text-dark-bg-color has-text-color\">\u00bfQuieres influir en tu candidat@?<\/h2>\n\n\n\n<p class=\"has-nv-text-dark-bg-color has-text-color\">Si te gustar\u00eda que tu candidat@ se comprometa con el respeto a la diversidad y la no discriminaci\u00f3n, inv\u00edtal@ a firmar el compromiso de &#8220;Comuna Diversa&#8221;.<\/p>\n\n\n\n<div style=\"height:20px\" aria-hidden=\"true\" class=\"wp-block-spacer\"><\/div>\n\n\n\n<div class=\"wp-block-buttons has-custom-font-size has-small-font-size is-content-justification-left is-layout-flex wp-container-core-buttons-is-layout-fdcfc74e wp-block-buttons-is-layout-flex\">\n<div class=\"wp-block-button has-custom-font-size is-style-default\" style=\"font-size:16px\"><a class=\"wp-block-button__link has-nv-text-dark-bg-color has-neve-link-color-background-color has-text-color has-background has-link-color wp-element-button\" href=\"http:\/\/www.movilh.cl\/comunadiversa\/compromiso\/\">Compromiso Comuna Diversa<\/a><\/div>\n<\/div>\n\n\n\n<div style=\"height:20px\" aria-hidden=\"true\" class=\"wp-block-spacer\"><\/div>\n<\/div>\n\n\n\n<div class=\"wp-block-column is-vertically-aligned-center is-layout-flow wp-block-column-is-layout-flow\" style=\"padding-right:var(--wp--preset--spacing--30);padding-left:var(--wp--preset--spacing--30);flex-basis:50%\">\n<figure class=\"wp-block-image size-full has-custom-border\"><img loading=\"lazy\" decoding=\"async\" width=\"1000\" height=\"667\" src=\"http:\/\/www.movilh.cl\/comunadiversa\/wp-content\/uploads\/2024\/07\/2148163307.jpg\" alt=\"\" class=\"wp-image-67\" style=\"border-radius:16px\" srcset=\"http:\/\/www.movilh.cl\/comunadiversa\/wp-content\/uploads\/2024\/07\/2148163307.jpg 1000w, http:\/\/www.movilh.cl\/comunadiversa\/wp-content\/uploads\/2024\/07\/2148163307-300x200.jpg 300w, http:\/\/www.movilh.cl\/comunadiversa\/wp-content\/uploads\/2024\/07\/2148163307-768x512.jpg 768w, http:\/\/www.movilh.cl\/comunadiversa\/wp-content\/uploads\/2024\/07\/2148163307-930x620.jpg 930w\" sizes=\"auto, (max-width: 1000px) 100vw, 1000px\" \/><\/figure>\n<\/div>\n<\/div>\n\n\n\n<div style=\"height:40px\" aria-hidden=\"true\" class=\"wp-block-spacer\"><\/div>\n<\/div><\/div>\n<\/div><\/div>\n","protected":false},"excerpt":{"rendered":"<p>\u00bfQu\u00e9 es Comuna Diversa? Comuna Diversa es una iniciativa impulsada por el Movilh con el fin de promover la participaci\u00f3n de las personas LGBTIQ+ en las elecciones de gobernadores regionales, consejeros regionales, alcaldes y concejales en todo el pa\u00eds, as\u00ed como para comprometer a candidatos\/as en la igualdad, la no discriminaci\u00f3n y el pleno respeto&hellip;&nbsp;<a href=\"http:\/\/www.movilh.cl\/comunadiversa\/comuna-diversa\/\" class=\"\" rel=\"bookmark\">Read More &raquo;<span class=\"screen-reader-text\">\u00bfQu\u00e9 es Comuna Diversa?<\/span><\/a><\/p>\n","protected":false},"author":1,"featured_media":0,"parent":0,"menu_order":0,"comment_status":"closed","ping_status":"closed","template":"","meta":{"neve_meta_sidebar":"","neve_meta_container":"","neve_meta_enable_content_width":"on","neve_meta_content_width":100,"neve_meta_title_alignment":"","neve_meta_author_avatar":"","neve_post_elements_order":"","neve_meta_disable_header":"","neve_meta_disable_footer":"","neve_meta_disable_title":"on","_themeisle_gutenberg_block_has_review":false,"_ti_tpc_template_sync":false,"_ti_tpc_template_id":"","footnotes":""},"class_list":["post-8","page","type-page","status-publish","hentry"],"_links":{"self":[{"href":"http:\/\/www.movilh.cl\/comunadiversa\/wp-json\/wp\/v2\/pages\/8","targetHints":{"allow":["GET"]}}],"collection":[{"href":"http:\/\/www.movilh.cl\/comunadiversa\/wp-json\/wp\/v2\/pages"}],"about":[{"href":"http:\/\/www.movilh.cl\/comunadiversa\/wp-json\/wp\/v2\/types\/page"}],"author":[{"embeddable":true,"href":"http:\/\/www.movilh.cl\/comunadiversa\/wp-json\/wp\/v2\/users\/1"}],"replies":[{"embeddable":true,"href":"http:\/\/www.movilh.cl\/comunadiversa\/wp-json\/wp\/v2\/comments?post=8"}],"version-history":[{"count":28,"href":"http:\/\/www.movilh.cl\/comunadiversa\/wp-json\/wp\/v2\/pages\/8\/revisions"}],"predecessor-version":[{"id":249,"href":"http:\/\/www.movilh.cl\/comunadiversa\/wp-json\/wp\/v2\/pages\/8\/revisions\/249"}],"wp:attachment":[{"href":"http:\/\/www.movilh.cl\/comunadiversa\/wp-json\/wp\/v2\/media?parent=8"}],"curies":[{"name":"wp","href":"https:\/\/api.w.org\/{rel}","templated":true}]}}

¿Qué es Comuna Diversa?

<p></p>



<div class="wp-block-group has-nv-light-bg-background-color has-background"><div class="wp-block-group__inner-container is-layout-flow wp-block-group-is-layout-flow">
<div style="height:0px" aria-hidden="true" class="wp-block-spacer"></div>



<div class="wp-block-group"><div class="wp-block-group__inner-container is-layout-constrained wp-block-group-is-layout-constrained"><div class="wp-block-image">
<figure class="aligncenter size-full has-custom-border"><img loading="lazy" decoding="async" width="1343" height="631" src="http://www.movilh.cl/comunadiversa/wp-content/uploads/2024/07/votante-urna-e1722014614300.jpeg" alt="" class="wp-image-122" style="border-style:none;border-width:0px;border-radius:63px" srcset="http://www.movilh.cl/comunadiversa/wp-content/uploads/2024/07/votante-urna-e1722014614300.jpeg 1343w, http://www.movilh.cl/comunadiversa/wp-content/uploads/2024/07/votante-urna-e1722014614300-300x141.jpeg 300w, http://www.movilh.cl/comunadiversa/wp-content/uploads/2024/07/votante-urna-e1722014614300-1024x481.jpeg 1024w, http://www.movilh.cl/comunadiversa/wp-content/uploads/2024/07/votante-urna-e1722014614300-768x361.jpeg 768w" sizes="auto, (max-width: 1343px) 100vw, 1343px" /></figure>
</div></div></div>



<div style="height:23px" aria-hidden="true" class="wp-block-spacer"></div>



<div class="wp-block-columns are-vertically-aligned-top has-neve-text-color-color has-nv-site-bg-background-color has-text-color has-background is-layout-flex wp-container-core-columns-is-layout-9d6595d7 wp-block-columns-is-layout-flex">
<div class="wp-block-column is-vertically-aligned-top is-layout-flow wp-block-column-is-layout-flow" style="padding-right:var(--wp--preset--spacing--30);padding-left:var(--wp--preset--spacing--30);flex-basis:50%">
<figure class="wp-block-image size-full has-custom-border"><img loading="lazy" decoding="async" width="792" height="612" src="http://www.movilh.cl/comunadiversa/wp-content/uploads/2024/07/logotipo-comuna-diversa.jpg" alt="" class="wp-image-35" style="border-radius:45px" srcset="http://www.movilh.cl/comunadiversa/wp-content/uploads/2024/07/logotipo-comuna-diversa.jpg 792w, http://www.movilh.cl/comunadiversa/wp-content/uploads/2024/07/logotipo-comuna-diversa-300x232.jpg 300w, http://www.movilh.cl/comunadiversa/wp-content/uploads/2024/07/logotipo-comuna-diversa-768x593.jpg 768w" sizes="auto, (max-width: 792px) 100vw, 792px" /></figure>
</div>



<div class="wp-block-column is-vertically-aligned-top is-layout-flow wp-block-column-is-layout-flow" style="padding-top:0;padding-right:var(--wp--preset--spacing--30);padding-bottom:0;padding-left:var(--wp--preset--spacing--30);flex-basis:50%">
<h2 class="wp-block-heading has-neve-text-color-color has-text-color">¿Qué es Comuna Diversa?</h2>



<p class="has-neve-text-color-color has-text-color"><strong>Comuna Diversa</strong> es una iniciativa impulsada por el Movilh con el fin de promover la participación de las personas LGBTIQ+ en las elecciones de gobernadores regionales, consejeros regionales, alcaldes y concejales en todo el país, así como para comprometer a candidatos/as en la igualdad, la no discriminación y el pleno respeto a la democracia.</p>



<p class="has-neve-text-color-color has-text-color">En su versión 2024 <strong>“Comuna Diversa”</strong> cuenta con el apoyo de OutRight International y pone el acento en la necesidad de prevenir y erradicar los discursos de odio, de incrementar las narrativas favorables a los derechos LGBTIQ+ y de contribuir al perfeccionamiento de la democracia en Chile.</p>



<p class="has-neve-text-color-color has-text-color">Las regiones, y sus respectivas comunas, son las zonas geográficas más cercanas a las personas y donde primero buscan orientación o ayuda, además de reflejar la rica diversidad social, cultural e identitaria&nbsp; de nuestro país.&nbsp;</p>



<p>De ahí la importancia de estas elecciones: alcaldes y concejales dirigirán y administrarán los municipios donde vivimos y lo mismo harán los gobernadores regionales en cada una de las 16 regiones del país. A su vez, los consejeros regionales pueden aprobar, modificar o sustituir los proyectos y presupuestos para las regiones y municipios.</p>



<p>Votar es un derecho valioso que nos entrega el poder de decidir cuáles propuestas o personas son las mejores para nuestras comunas y regiones.</p>



<p>A su vez, el compromiso de los/as candidatos/as con los derechos humanos de todas las personas es de la mayor trascendencia, pues nos orienta y ayuda a decidir nuestro voto.&nbsp;</p>



<p>En 33 años de trayectoria hemos conseguido&nbsp;<a href="http://www.movilh.cl/nuestros-logros/" target="_blank" rel="noreferrer noopener">importantes avances</a>&nbsp;en el marco de los compromisos electorales que &nbsp; candidatos/as de todas las corrientes políticas e ideológicas han asumido con nuestra organización.</p>



<p><strong>Comuna Diversa</strong> fue pionera en idear y proponer Ordenanzas Municipales contra la Discriminación y Oficinas por la Diversidad en nuestros país, al tiempo que cada año capacitamos y comprometemos con medidas contra la discriminación a municipios de todo Chile. Solo en 2024,&nbsp; un total de 87 municipios se plegaron a nuestra <a href="https://www.movilh.cl/amplio-respaldo-a-la-campana-arcoiris-87-instituciones-desplegaran-la-bandera-lgbtiq-el-dia-contra-la-homo-transfobia/" target="_blank" rel="noreferrer noopener"><strong>Campaña Arcoíris</strong></a>.</p>



<p>Porque queremos&nbsp;más regiones y municipios que apoyen los derechos LGBTIQ+, vamos todas, todos y todes a promover comunas diversas.</p>



<p class="has-neve-text-color-color has-text-color" style="font-size:16px">*<strong>Comuna Diversa</strong> se suma a otra iniciativa de Movilh llamada <a href="https://www.movilh.cl/chilediverso/" target="_blank" rel="noreferrer noopener"><strong>Chile Diverso</strong></a>, la cual desarrolla campañas en el marco de los comicios presidenciales y parlamentarios.</p>
</div>
</div>



<div style="height:40px" aria-hidden="true" class="wp-block-spacer"></div>
</div></div>



<div class="wp-block-cover alignfull" style="min-height:600px;aspect-ratio:unset;"><span aria-hidden="true" class="wp-block-cover__background has-nv-dark-bg-background-color has-background-dim-100 has-background-dim"></span><div class="wp-block-cover__inner-container is-layout-flow wp-block-cover-is-layout-flow">
<div class="wp-block-group"><div class="wp-block-group__inner-container is-layout-flow wp-block-group-is-layout-flow">
<div style="height:80px" aria-hidden="true" class="wp-block-spacer"></div>



<div class="wp-block-columns are-vertically-aligned-center is-layout-flex wp-container-core-columns-is-layout-9d6595d7 wp-block-columns-is-layout-flex">
<div class="wp-block-column is-vertically-aligned-center is-layout-flow wp-block-column-is-layout-flow" style="padding-right:var(--wp--preset--spacing--30);padding-left:var(--wp--preset--spacing--30);flex-basis:50%">
<h2 class="wp-block-heading has-nv-text-dark-bg-color has-text-color">¿Quieres influir en tu candidat@?</h2>



<p class="has-nv-text-dark-bg-color has-text-color">Si te gustaría que tu candidat@ se comprometa con el respeto a la diversidad y la no discriminación, invítal@ a firmar el compromiso de &#8220;Comuna Diversa&#8221;.</p>



<div style="height:20px" aria-hidden="true" class="wp-block-spacer"></div>



<div class="wp-block-buttons has-custom-font-size has-small-font-size is-content-justification-left is-layout-flex wp-container-core-buttons-is-layout-fdcfc74e wp-block-buttons-is-layout-flex">
<div class="wp-block-button has-custom-font-size is-style-default" style="font-size:16px"><a class="wp-block-button__link has-nv-text-dark-bg-color has-neve-link-color-background-color has-text-color has-background has-link-color wp-element-button" href="http://www.movilh.cl/comunadiversa/compromiso/">Compromiso Comuna Diversa</a></div>
</div>



<div style="height:20px" aria-hidden="true" class="wp-block-spacer"></div>
</div>



<div class="wp-block-column is-vertically-aligned-center is-layout-flow wp-block-column-is-layout-flow" style="padding-right:var(--wp--preset--spacing--30);padding-left:var(--wp--preset--spacing--30);flex-basis:50%">
<figure class="wp-block-image size-full has-custom-border"><img loading="lazy" decoding="async" width="1000" height="667" src="http://www.movilh.cl/comunadiversa/wp-content/uploads/2024/07/2148163307.jpg" alt="" class="wp-image-67" style="border-radius:16px" srcset="http://www.movilh.cl/comunadiversa/wp-content/uploads/2024/07/2148163307.jpg 1000w, http://www.movilh.cl/comunadiversa/wp-content/uploads/2024/07/2148163307-300x200.jpg 300w, http://www.movilh.cl/comunadiversa/wp-content/uploads/2024/07/2148163307-768x512.jpg 768w, http://www.movilh.cl/comunadiversa/wp-content/uploads/2024/07/2148163307-930x620.jpg 930w" sizes="auto, (max-width: 1000px) 100vw, 1000px" /></figure>
</div>
</div>



<div style="height:40px" aria-hidden="true" class="wp-block-spacer"></div>
</div></div>
</div></div>

<p>¿Qué es Comuna Diversa? Comuna Diversa es una iniciativa impulsada por el Movilh con el fin de promover la participación de las personas LGBTIQ+ en las elecciones de gobernadores regionales, consejeros regionales, alcaldes y concejales en todo el país, así como para comprometer a candidatos/as en la igualdad, la no discriminación y el pleno respeto&hellip;&nbsp;<a href="http://www.movilh.cl/comunadiversa/comuna-diversa/" class="" rel="bookmark">Read More &raquo;<span class="screen-reader-text">¿Qué es Comuna Diversa?</span></a></p>
