{"id":1957,"date":"2024-08-27T20:14:55","date_gmt":"2024-08-27T20:14:55","guid":{"rendered":"http:\/\/www.movilh.cl\/cine\/?page_id=1957"},"modified":"2024-08-27T20:14:55","modified_gmt":"2024-08-27T20:14:55","slug":"al-fin-del-mundo","status":"publish","type":"page","link":"http:\/\/www.movilh.cl\/cine\/al-fin-del-mundo\/","title":{"rendered":"Al fin del mundo"},"content":{"rendered":"\n<div class=\"wp-block-columns is-layout-flex wp-container-core-columns-is-layout-1 wp-block-columns-is-layout-flex\">\n<div class=\"wp-block-column is-layout-flow wp-block-column-is-layout-flow\">\n<figure class=\"wp-block-image size-full is-resized\"><a href=\"http:\/\/www.movilh.cl\/cine\/wp-content\/uploads\/2024\/08\/115-poster_Al-fin-del-mundo.jpg\"><img loading=\"lazy\" decoding=\"async\" width=\"1076\" height=\"1592\" src=\"http:\/\/www.movilh.cl\/cine\/wp-content\/uploads\/2024\/08\/115-poster_Al-fin-del-mundo.jpg\" alt=\"\" class=\"wp-image-1958\" style=\"width:500px\" srcset=\"http:\/\/www.movilh.cl\/cine\/wp-content\/uploads\/2024\/08\/115-poster_Al-fin-del-mundo.jpg 1076w, http:\/\/www.movilh.cl\/cine\/wp-content\/uploads\/2024\/08\/115-poster_Al-fin-del-mundo-135x200.jpg 135w, http:\/\/www.movilh.cl\/cine\/wp-content\/uploads\/2024\/08\/115-poster_Al-fin-del-mundo-223x330.jpg 223w\" sizes=\"(max-width: 1076px) 100vw, 1076px\" \/><\/a><\/figure>\n<\/div>\n\n\n\n<div class=\"wp-block-column is-layout-flow wp-block-column-is-layout-flow\">\n<p><strong>A\u00f1o:<\/strong>\u00a02024<br><strong>Pa\u00eds:<\/strong>\u00a0Chile<br><strong>Direcci\u00f3n:<\/strong>\u00a0Antonia\u00a0Sanchez Suarez e Isaac\u00a0Brand Zu\u00f1iga<br><strong>Duraci\u00f3n:<\/strong>\u00a019\u2032<br><strong>Categor\u00eda:<\/strong>\u00a0Ficci\u00f3n<br><strong>Sinopsis:<\/strong>\u00a0Demian (25) es un joven que vive una vida mon\u00f3tona y solitaria en Santiago, dedicando sus d\u00edas al trabajo y a\u00f1orando el pasado que vivi\u00f3 con Azul (28) una joven que conoci\u00f3 en el sur y con quien mantuvo una relaci\u00f3n durante un verano. Una tarde, Demian recibe una llamada de Aurora (30), una amiga de Azul, quien contacta a Demian para darle una tr\u00e1gica noticia que lo lleva nuevamente hacia el sur, donde debe enfrentar una nost\u00e1lgica despedida.<\/p>\n<\/div>\n<\/div>\n\n\n\n<p><\/p>\n","protected":false},"excerpt":{"rendered":"<p>A&ntilde;o:&nbsp;2024Pa&iacute;s:&nbsp;ChileDirecci&oacute;n:&nbsp;Antonia&nbsp;Sanchez Suarez e Isaac&nbsp;Brand Zu&ntilde;igaDuraci&oacute;n:&nbsp;19&prime;Categor&iacute;a:&nbsp;Ficci&oacute;nSinopsis:&nbsp;Demian (25) es un joven que vive una vida mon&oacute;tona y solitaria en Santiago, dedicando sus d&iacute;as al trabajo y a&ntilde;orando el pasado que vivi&oacute; con Azul (28) una joven que conoci&oacute; en el sur y con quien mantuvo una relaci&oacute;n durante un verano. Una tarde, Demian recibe una llamada de &hellip; <\/p>\n<p class=\"link-more\"><a href=\"http:\/\/www.movilh.cl\/cine\/al-fin-del-mundo\/\" class=\"more-link\">Leer m\u00e1s<span class=\"screen-reader-text\"> \u00abAl fin del mundo\u00bb<\/span><\/a><\/p>\n","protected":false},"author":1,"featured_media":0,"parent":0,"menu_order":0,"comment_status":"closed","ping_status":"closed","template":"","meta":{"footnotes":""},"class_list":["post-1957","page","type-page","status-publish","hentry"],"_links":{"self":[{"href":"http:\/\/www.movilh.cl\/cine\/wp-json\/wp\/v2\/pages\/1957"}],"collection":[{"href":"http:\/\/www.movilh.cl\/cine\/wp-json\/wp\/v2\/pages"}],"about":[{"href":"http:\/\/www.movilh.cl\/cine\/wp-json\/wp\/v2\/types\/page"}],"author":[{"embeddable":true,"href":"http:\/\/www.movilh.cl\/cine\/wp-json\/wp\/v2\/users\/1"}],"replies":[{"embeddable":true,"href":"http:\/\/www.movilh.cl\/cine\/wp-json\/wp\/v2\/comments?post=1957"}],"version-history":[{"count":1,"href":"http:\/\/www.movilh.cl\/cine\/wp-json\/wp\/v2\/pages\/1957\/revisions"}],"predecessor-version":[{"id":1959,"href":"http:\/\/www.movilh.cl\/cine\/wp-json\/wp\/v2\/pages\/1957\/revisions\/1959"}],"wp:attachment":[{"href":"http:\/\/www.movilh.cl\/cine\/wp-json\/wp\/v2\/media?parent=1957"}],"curies":[{"name":"wp","href":"https:\/\/api.w.org\/{rel}","templated":true}]}}