{"id":143,"date":"2024-08-06T12:22:49","date_gmt":"2024-08-06T15:22:49","guid":{"rendered":"http:\/\/www.movilh.cl\/cad\/?page_id=143"},"modified":"2026-03-16T14:53:27","modified_gmt":"2026-03-16T17:53:27","slug":"capacitacion","status":"publish","type":"page","link":"http:\/\/www.movilh.cl\/cad\/capacitacion\/","title":{"rendered":"Capacitaci\u00f3n"},"content":{"rendered":"<p><img decoding=\"async\" loading=\"lazy\" src=\"http:\/\/www.movilh.cl\/cad\/wp-content\/uploads\/2026\/03\/5277.jpg\" alt=\"\" width=\"1500\" height=\"693\" class=\"img-redonda aligncenter wp-image-292 size-full\" srcset=\"http:\/\/www.movilh.cl\/cad\/wp-content\/uploads\/2026\/03\/5277.jpg 1500w, http:\/\/www.movilh.cl\/cad\/wp-content\/uploads\/2026\/03\/5277-300x139.jpg 300w, http:\/\/www.movilh.cl\/cad\/wp-content\/uploads\/2026\/03\/5277-1024x473.jpg 1024w, http:\/\/www.movilh.cl\/cad\/wp-content\/uploads\/2026\/03\/5277-768x355.jpg 768w\" sizes=\"(max-width: 1500px) 100vw, 1500px\" \/><\/p>\n<p>&nbsp;<\/p>\n<p><span style=\"font-size: 16px;\">El Movilh brinda charlas de capacitaci\u00f3n en tem\u00e1ticas LGBTIQ+, de derechos humanos y no discriminaci\u00f3n a instituciones p\u00fablicas<span class=\"Apple-converted-space\">\u00a0 <\/span>y privadas de todo el pa\u00eds, siendo la <strong><a href=\"https:\/\/www.movilh.cl\/educa\/\" target=\"_blank\" rel=\"noopener\">organizaci\u00f3n con m\u00e1s experiencia en la materia en Chile.<\/a><\/strong><\/span><\/p>\n<p><span style=\"font-size: 16px;\">Las charlas son<span class=\"Apple-converted-space\">\u00a0 <\/span>gratuitas para establecimientos educacionales o entidades sin fines de lucro y son siempre para m\u00e1s de ocho personas.<\/span><\/p>\n<p><span style=\"font-size: 16px;\">Las charlas en la Regi\u00f3n Metropolitana pueden ser remota o presenciales. Si es presencial, solo debe pagarse el traslado ida y vuelta del\/a expositor\/a. Para otras regiones, las charlas son solo remotas<\/span><\/p>\n<p><span style=\"font-size: 16px;\">La capacitaci\u00f3n se pide al correo\u00a0<a href=\"mailto:educa@movilh.cl\"><b>educa@movilh.cl<\/b><\/a>, indicando:<\/span><\/p>\n<p><span style=\"font-size: 16px;\">1.- Nombre completo\u00a0 y cargo de de quien pide la charla:<\/span><\/p>\n<p><span style=\"font-size: 16px;\">2.- Nombre de la instituci\u00f3n que representa:<\/span><\/p>\n<p><span style=\"font-size: 16px;\">3.- N\u00famero estimado de asistentes a la charla y edad promedio de los mismos.<\/span><\/p>\n<p><span style=\"font-size: 16px;\">Recibidos estos datos se coordinar\u00e1 la fecha y horario de la charla o taller.<\/span><\/p>\n<p>&nbsp;<\/p>\n","protected":false},"excerpt":{"rendered":"<p>&nbsp; El Movilh brinda charlas de capacitaci\u00f3n en tem\u00e1ticas LGBTIQ+, de derechos humanos y no discriminaci\u00f3n a instituciones p\u00fablicas\u00a0 y privadas de todo el pa\u00eds, siendo la organizaci\u00f3n con m\u00e1s experiencia en la materia en Chile. Las charlas son\u00a0 gratuitas para establecimientos educacionales o entidades sin fines de lucro y [&hellip;]<\/p>\n","protected":false},"author":1,"featured_media":0,"parent":0,"menu_order":0,"comment_status":"closed","ping_status":"closed","template":"","meta":{"_themeisle_gutenberg_block_has_review":false},"_links":{"self":[{"href":"http:\/\/www.movilh.cl\/cad\/wp-json\/wp\/v2\/pages\/143"}],"collection":[{"href":"http:\/\/www.movilh.cl\/cad\/wp-json\/wp\/v2\/pages"}],"about":[{"href":"http:\/\/www.movilh.cl\/cad\/wp-json\/wp\/v2\/types\/page"}],"author":[{"embeddable":true,"href":"http:\/\/www.movilh.cl\/cad\/wp-json\/wp\/v2\/users\/1"}],"replies":[{"embeddable":true,"href":"http:\/\/www.movilh.cl\/cad\/wp-json\/wp\/v2\/comments?post=143"}],"version-history":[{"count":9,"href":"http:\/\/www.movilh.cl\/cad\/wp-json\/wp\/v2\/pages\/143\/revisions"}],"predecessor-version":[{"id":293,"href":"http:\/\/www.movilh.cl\/cad\/wp-json\/wp\/v2\/pages\/143\/revisions\/293"}],"wp:attachment":[{"href":"http:\/\/www.movilh.cl\/cad\/wp-json\/wp\/v2\/media?parent=143"}],"curies":[{"name":"wp","href":"https:\/\/api.w.org\/{rel}","templated":true}]}}